{"id":1370,"date":"2019-10-04T14:45:27","date_gmt":"2019-10-04T12:45:27","guid":{"rendered":"http:\/\/veles.si\/?page_id=1370"},"modified":"2019-10-04T15:15:19","modified_gmt":"2019-10-04T13:15:19","slug":"jesen-klic-po-umirjanju","status":"publish","type":"page","link":"http:\/\/veles.si\/?page_id=1370","title":{"rendered":"Jesen: klic po umirjanju"},"content":{"rendered":"<p>\u010cas \u017eetve in praznikov povezanih z njo je minil. Pobiramo \u0161e zadnje plodove, ki nam jih nudi Mati Narava in pridnost na\u0161ih rok. \u017de \u010dutimo, kako se nekje dale\u010d ogla\u0161a teta Zima in nas priganja, da opravimo \u010dim ve\u010d, da se lahko nato premaknemo v (svojo)notranjost ter v spokojnosti in o\u010di\u0161\u010devalnem duhu pri\u010dakamo novo rojstvo, nova spoznanja, novega sebe.<\/p>\n<p>Pozdravljamo novo inkarnacijo elementa Vode.<\/p>\n<p>\u010ce lahko na podlagi ustne in zapisane tradicije precej to\u010dno dolo\u010dimo in ori\u0161emo obredja prednikov na\u0161ega prostora ob \u010dasu poletnega in zimskega son\u010dnega obrata, pa je to malce te\u017eje ob spomladi in jeseni, \u0161e posebej v tem \u010dasu prehoda.<\/p>\n<p>Ob tem \u010dasu mejnik ni natan\u010dno dolo\u010den. A ta \u010das, od \u010dasa \u017eetve pa vse do konca vinotoka, ko po starosvetnem verovanju du\u0161e umrlih pridejo tudi v tostranstvo in se svetovi pome\u0161ajo, zaznamuje ve\u010d, med sabo povezanih praznikov in obi\u010dajev.<\/p>\n<p>Po vsesplo\u0161nem mitolo\u0161kem prepri\u010danju na\u0161ega prostora si razlagamo celoletno pripoved tako, da boginja, ki je tudi za\u0161\u010ditnica zemeljskih voda, postane za\u0161\u010ditnica nebesnih voda in jih v \u010dasu jeseni po\u0161ilja na zemljo, da se zemlja o\u010disti in kasneje po\u010diva ter nabere novih mo\u010di.<br \/>\nPrav tista boginja, ki se na pomlad zaro\u010di s potentnim, voja\u0161kim bogom vegetacije in novih za\u010detkov, sinom nebesnega upravitelja, se z njim poro\u010di na poletni Kres kjer oba ob sveti poroki predstavljata \u017eenski in mo\u0161ki aspekt na vi\u0161ku svojih mo\u010di. \u00a0Na jesen se spremeni v druga\u010dno, manj prijetno energijo, ki nas vodi v (navidezno) smrt in nas pripravlja na transformacijo ob tem \u2013 ko o\u010detu Soncu njegova mo\u010d pe\u0161a.<\/p>\n<p>\u010ce ta pozno-poletni \u010das boginje \u017dive ter jesenski \u010das resni\u010dno \u017eelimo razumeti, je dobro, da pogledamo \u0161ir\u0161o sliko in njen zgodovinski razvoj tako pri nas, kot izven na\u0161ih meja ter adaptacije v novi veri, ki je, v\u010dasih na krut na\u010din, v\u010dasih pa na\u010drtno elegantno, povozila na\u0161e staro\u017eitnosti.<\/p>\n<p><a href=\"http:\/\/veles.si\/wp-content\/uploads\/zetev1x.jpg\"><img decoding=\"async\" loading=\"lazy\" class=\"alignnone size-large wp-image-1082\" alt=\"zetev1x\" src=\"http:\/\/veles.si\/wp-content\/uploads\/zetev1x-1024x723.jpg\" width=\"600\" height=\"423\" srcset=\"http:\/\/veles.si\/wp-content\/uploads\/zetev1x-1024x723.jpg 1024w, http:\/\/veles.si\/wp-content\/uploads\/zetev1x-300x212.jpg 300w, http:\/\/veles.si\/wp-content\/uploads\/zetev1x-600x424.jpg 600w, http:\/\/veles.si\/wp-content\/uploads\/zetev1x.jpg 2000w\" sizes=\"(max-width: 600px) 100vw, 600px\" \/><\/a><\/p>\n<p>&nbsp;<\/p>\n<p><b>ZRELO JE \u017dITO<\/b><\/p>\n<p>\u010ce se preselimo v nekatere druge konce Evrope s katerimi si delimo podobne zgodbe, ne moremo mimo praznika DO\u017dINKI, ki ga spremljajo razli\u010dne geste. Ljudje po procesiji okoli polj pove\u017eejo zadnji snop \u017eita in iz njega spletejo posebno strukturo iz vencev, obogateno z raznobarvnimi trakovi in ro\u017eami, ki jo prena\u0161ajo dekleta. Venci simbolizirajo novo \u017eivljenje, plodnost ter bogato \u017eetev.<br \/>\n\u010cas \u017eetve je odvisen od lokacije, na\u010deloma pa so ga ponekod izvajali na Marijino vnebovzetje (rodnost zemlje se prenese na rodnost neba\/de\u017e), ponekod pa okoli \u010dasa jesenskega enakono\u010dja.<\/p>\n<p>Do dandanes se je na Poljskem ohranil starodavni obi\u010daj, da je venec dva dni po\u010dakal doma pri va\u0161kem veljaku, nato pa ga blagoslovi \u017eupnik.<br \/>\nPonekod so zadnji snop \u017eita imenovali Velesova brada.<\/p>\n<p><a href=\"http:\/\/veles.si\/wp-content\/uploads\/Untitled-11.jpg\"><img decoding=\"async\" loading=\"lazy\" class=\"alignnone size-large wp-image-1373\" alt=\"Untitled-1\" src=\"http:\/\/veles.si\/wp-content\/uploads\/Untitled-11-1024x706.jpg\" width=\"600\" height=\"413\" srcset=\"http:\/\/veles.si\/wp-content\/uploads\/Untitled-11-1024x706.jpg 1024w, http:\/\/veles.si\/wp-content\/uploads\/Untitled-11-300x206.jpg 300w, http:\/\/veles.si\/wp-content\/uploads\/Untitled-11-600x413.jpg 600w, http:\/\/veles.si\/wp-content\/uploads\/Untitled-11.jpg 1090w\" sizes=\"(max-width: 600px) 100vw, 600px\" \/><\/a><br \/>\n<em>photo:\u00a0Adam Che\u0142stowski\u00a0<\/em><\/p>\n<p>Tudi pri nas v Prekmurju pravijo \u00bbdou\u017enjek\u00ab zadnjemu \u017eitnemu snopu, spletenemu na zadnji dan \u017eetve.<br \/>\nKonec \u017eetve je vedno poln plesa in petja. Dandanes sre\u010dujemo organizirane praznike \u017eetve po vsej Sloveniji, ve\u010dinoma \u017ee malega srpana.<\/p>\n<p>Med Muro in Dravo za praznik \u017eetve danes dodajo \u0161marnice in di\u0161e\u010do travo, ki jih vzamejo iz butarice, za katero vemo, da prestavlja velikono\u010dno zelenje in s tem simbolizira vstajenje. Neko\u010d Jarnika, ki vstane iz podzemlja, kjer prebije pol leta, nato pa zakraljuje tostranstvu.<\/p>\n<p>Na Dolenjskem so skupinsko povezali zadnji snop, ga vozili na vozu ter ga obesili v tisto hi\u0161o, kjer so bili neporo\u010deni, saj prina\u0161a plodnost in upanje na poroko.<\/p>\n<p>Povezovanje zadnjega snopa \u017eita se je ohranilo v spominu mnogih, kako so neko\u010d \u00bbbabo\u00ab ali \u00bbdeca\u00ab prena\u0161ali na vozovih.<br \/>\nNa\u010deloma zadnji snop \u017eita, lepo spleten in okra\u0161en, varuje doma\u010dijo pred slabimi duhovi vse do naslednje sezone.<br \/>\nVsepovsod, tudi na Krasu so poznali podoben obi\u010daj, ko je najmlaj\u0161a v dru\u017eini povezala in z rde\u010dim makom okrasila zadnji, pokon\u010dno stoje\u010di snop na njivi, ki so ga imenovali \u00bbSta\u017ei\u0107\u00ab.<br \/>\nIme predstavlja \u017eitnega starca, ki varuje pred slabim in da se \u017eito ne bi polegalo.<\/p>\n<p>Vsekakor snop simboli\u010dno prikazuje slovo od nekega dela rodnega obdobja.<br \/>\nNa dolenjskem poznamo Kurenta med mlatvijo kot slamnato lutko. V dolini Save je na zadnji snop \u017eita sedel mo\u017e, napravjen v Kurenta z narobe obrnjenim ko\u017euhom, na glavi je imel rogove v roki pa palico z dvema rogovoma.<br \/>\nTrepljanje zadnjega snopa pomeni \u00bbubiti \u017eitnega duha\u00ab. Da se seveda novo plodno leto spet lahko za\u010dne in se pove\u017ee v nov rodni cikel.<\/p>\n<p>V Poso\u010dju tovrsten obred ni podrobneje izpri\u010dan, vemo pa, da je bilo zadnje \u017eito ajda. In tej \u017eetvi so pravili \u00bbajdna\u00ab oz. ajdova \u017eetev.<br \/>\nOb luninem krajcu, ki simbolizira srp, so ajdo sejali, \u017eeli pa so jo nato v kimavcu in vinotoku.<br \/>\nZa razliko od ostale Slovenije, kjer ima najve\u010djo veljavo zadnji snop \u017eita, so v Poso\u010dju odnesli na sveti kraj PRVI snop \u017eita ob polni luni. Verjeli so, da kraju gospoduje Hostnik, obenem pa duh zemlje.<\/p>\n<p>Prav na zahodu Slovenije luna zavzema posebno \u010da\u0161\u010denje in veljavo.<br \/>\nRodnostne obrede v sveti jami Triglavci na Krasu blizu Diva\u010de, so staroverci izvajali prav v \u010dasu polne lune.<br \/>\nV mesecu kimavcu so dekleta najprej praprot namakala v svetem poto\u010dku, namestile so jo okoli pasu za za\u0161\u010dito in plodnost. \u0160tiri sve\u010denice so sledile bo\u017eeglavu v sveto jamo, kjer so izvedli obred Devi in Deva\u010du. V jamico, vedno polno pode, ki predstavlja Devino maternico, je sve\u010denik spustil tri vrste \u017eit, po katera je nato pri\u0161el v vinotoku ob polni luni, ko so vzklila. Eno izmed semen je bilo tudi ajdovo. Praprot so nato dekleta razdelila po vasi za za\u0161\u010dito.<\/p>\n<p><a href=\"http:\/\/veles.si\/wp-content\/uploads\/DSC_1884.jpg\"><img decoding=\"async\" loading=\"lazy\" class=\"alignnone size-large wp-image-1016\" alt=\"DSC_1884\" src=\"http:\/\/veles.si\/wp-content\/uploads\/DSC_1884-1024x680.jpg\" width=\"600\" height=\"398\" srcset=\"http:\/\/veles.si\/wp-content\/uploads\/DSC_1884-1024x680.jpg 1024w, http:\/\/veles.si\/wp-content\/uploads\/DSC_1884-300x199.jpg 300w, http:\/\/veles.si\/wp-content\/uploads\/DSC_1884-600x398.jpg 600w\" sizes=\"(max-width: 600px) 100vw, 600px\" \/><\/a><\/p>\n<p>&#8211;<\/p>\n<p>V Poso\u010dju so stari ljudje povedali zgodbo, kako je neko\u010d na zemljo padel poseben kamen na ajdovo polje.<br \/>\nKer je polje takrat obrodilo kot \u0161e nikoli, so kamne odnesli na Matjar pod vrh, da bi vsepovsod seval plodnost. Vemo le, da so \u0161li do kamna s semeni, preden so ajdo sejali, prav tako pa tudi, ko so jo \u017eeli.<br \/>\n\u010ceprav je to\u010da kdaj morda prizadela polje, je bil kamen in prostor okoli nje vedno neprizadet.<\/p>\n<p>Na severnem delu Dana\u0161nje Nem\u010dije, kjer se je na otoku Rugen neko\u010d nahajalo zelo znano sveti\u0161\u010de in prero\u010di\u0161\u010de Arkona, so ob \u010dasu \u017eetve klicali k Svetovidu, ki je, med drugim, predstavljal tudi plodnost.<br \/>\nPraznik \u017eetve, poleg individualnih vede\u017eevanj in slavnega vede\u017eevanja s teko\u010dino v Svetovidovem rogu, zaznamuje tudi peka velike poga\u010de (neke vrste pala\u010dinka) iz novega \u017eita. Sve\u010denik se je skril za njo in \u010de so uspeli videti kak del\u010dek njega, so ugotovili, da bo letina slaba. \u010ce se je za poga\u010do lahko popolnoma skril, so predvidevali, da bo naslednja \u017eetev obilna.<\/p>\n<p>&nbsp;<\/p>\n<p><b>JABOLKO<\/b><\/p>\n<p>Po mnogih delih Evrope so poznani t.i. jabol\u010dni festivali, ki se navezujejo na praznike \u017eetve. Segajo v predkr\u0161\u010danski \u010das a so pre\u017eiveli do dandanes.<br \/>\nCelotna skupnost se zbere, pobira jabolka, nato pa ustvarjajo najrazli\u010dnej\u0161e jedi iz jabolk in jih v velikem srpanu darujejo bogovom.<br \/>\nObstaja celo ohranjen obi\u010daj o\u010di\u0161\u010denja z jabolkom:<br \/>\njabolko prere\u017eemo na pol, iz ene polovice izdolbemo sredico in pe\u0161ke, v vdolbino nalijemo staljen vosek in zlepimo dva dela jabolka skupaj. Zakopljeno izven na\u0161ega doma za o\u010di\u0161\u010denje in za\u0161\u010dito dru\u017eine.<\/p>\n<p>Boginja \u017diva ima, poleg klasja, za svoje atribute tudi jabolko in vinsko trto.<\/p>\n<p><a href=\"http:\/\/veles.si\/wp-content\/uploads\/Siwa_Westphalen.png\"><img decoding=\"async\" loading=\"lazy\" class=\"alignnone size-full wp-image-1376\" alt=\"Siwa_Westphalen\" src=\"http:\/\/veles.si\/wp-content\/uploads\/Siwa_Westphalen.png\" width=\"189\" height=\"361\" srcset=\"http:\/\/veles.si\/wp-content\/uploads\/Siwa_Westphalen.png 189w, http:\/\/veles.si\/wp-content\/uploads\/Siwa_Westphalen-157x300.png 157w\" sizes=\"(max-width: 189px) 100vw, 189px\" \/><\/a><\/p>\n<p>&nbsp;<\/p>\n<p><b>\u00a0<\/b><b>BO\u017dJA MATI<\/b><\/p>\n<p>\u010cas boginje \u017dive s klasjem je \u010das, ko rimokatoli\u0161ka cerkev proslavlja tudi \u00a0Rojstvo device Marije.<br \/>\nZemeljsko rojstvo praznuje Cerkev le ob rojstvu Kristusa, Marije in Janeza Krstnika.<br \/>\nJanez Dama\u0161\u010dan (+ 749) praznik Marijinega rojstva imenuje \u00bbrojstni dan vesoljnega, univerzalnega veselja\u00ab. Marijino rojstvo je za nas kakor sijo\u010da zarja, ki nosi v sebi obljubo velikega prihodnjega dne. \u010clove\u0161ko gledano je Marijino rojstvo trenutek, ki bi mu mogli re\u010di za\u010detek odre\u0161enja. Bizantinska vzhodna liturgija za\u010denja novo cerkveno leto s 1. septembrom. Od 9. stoletja naprej velja na Vzhodu \u017ee 1. kimavec za Marijin god, prvi v vrsti \u0161tiridesetih marijanskih godov bizantinskega cerkvenega koledarja. Pe\u010dat slovesnosti pa za\u010detku novega leta daje veliki praznik Marijinega rojstva, ki spada k najstarej\u0161im samostojnim Marijinim praznikom.<br \/>\nGlede dneva praznovanja vzhodne Cerkve niso docela soglasne: v Carigradu so od Jeruzalema sprejeli 8. Kimavec kot dan obhajanja Marijinega rojstva; Antiohija je izbrala 7. kimavec Aleksandrija pa 9. Ali 10. Kimavec. Ko je praznik pri\u0161el na Zahod, so v Rimu obdr\u017eali 8. kimavec.<\/p>\n<p>Zanimivo je, da je praznik boginje Lade, ki si je v mnogo\u010dem podobna z \u017divo, le da je \u017diva zna\u010dilnej\u0161a za zahodnoslovanski del, Lada pa vzhodnoslovanski, prav 8. Kimavca.<\/p>\n<p>&#8211;<\/p>\n<p>Rozhanity je praznik \u017eetve na vzhodu (8. Kimavec), kjer praznujejo po starem, predkr\u0161\u010danskem izro\u010dilu, bo\u017ejo mati.<br \/>\nLada v nekaterih zgodbah velja za izvorno mati bogov, ki skupaj s Svarogom ustvari ostale bogove po tem, ko Svarog postavi svet na dvanajst stebrov. Skupaj ustvarita tudi prvega mo\u0161kega in \u017eensko.<\/p>\n<p><a href=\"http:\/\/veles.si\/wp-content\/uploads\/ladax.jpg\"><img decoding=\"async\" loading=\"lazy\" class=\"alignnone size-large wp-image-1076\" alt=\"ladax\" src=\"http:\/\/veles.si\/wp-content\/uploads\/ladax-1024x723.jpg\" width=\"600\" height=\"423\" srcset=\"http:\/\/veles.si\/wp-content\/uploads\/ladax-1024x723.jpg 1024w, http:\/\/veles.si\/wp-content\/uploads\/ladax-300x212.jpg 300w, http:\/\/veles.si\/wp-content\/uploads\/ladax-600x424.jpg 600w, http:\/\/veles.si\/wp-content\/uploads\/ladax.jpg 2000w\" sizes=\"(max-width: 600px) 100vw, 600px\" \/><\/a><\/p>\n<p>&nbsp;<\/p>\n<p><strong>KO SE NOTRANJE UMIRIMO<\/strong><\/p>\n<p>Mitolo\u0161ka zgodba, ki simbolizira prehode skozi leto v globljem smislu pa nam ka\u017ee jesen tako, da se vse na\u0161e delo seli v notranjost in \u010de so bila poprej, v \u010dasu poletja, ko smo na vi\u0161ku fizi\u010dnih mo\u010di, obrnjena k ve\u010d ali manj materialnemu obilju (ki mu vlada mo\u0161ki aspekt boga), se zdaj osredinjamo v iskanje notranjega, duhovnega bogastva. \u017denska dela in opravila kot so predenje in tkanje pridejo v ospredje. Nahajamo se v \u010dasu, ko se Boginja Mati preve\u0161a v tretje tromese\u010dje svoje nose\u010dnosti po tem, ko spomladi zanosi. Svet se umiri in mi z njim.<\/p>\n<p>Ljudje so tako prebili ve\u010d \u010dasa za zidovi, to pa je prineslo mnogotera trenja in raz\u010di\u0161\u010devanja. In ravno to je tisto, kar pre\u017eema jesenski \u010das. \u010cis\u010denje in transformacija.<\/p>\n<p>Izvemo, da so na jesen v Poso\u010dju marsikateri mo\u017eje zapustili svoje domove za dlje \u010dasa, prav v izogib kreganjem in iskali nekajmese\u010dni zaslu\u017eek v tujini, nakar so se na pomlad zopet vrnili.<\/p>\n<p>Po \u0161amanskem prepri\u010danju jesenskemu \u010dasu vlada zahod, element voda, v ospredje pa postavljamo umirjanje, kopi\u010denje energije, po\u010ditek, saj vsi potrebujemo regeneracijo, da lahko na pomlad zopet pri\u010dnemo novo dejanje svoje zgodbe.<br \/>\nZa mnoge pa je prav ta prehod v\u010dasih zelo te\u017eak, saj je s povezovanjem s podzemljem, ki se nam odpira, povezana tudi tema, neznano, podzavest in marsikomu se je te\u017eko prepustiti.<\/p>\n<p>&nbsp;<\/p>\n<p><strong>ENAKONO\u010cJE<\/strong><\/p>\n<p>V nekaterih delih t.i. \u00bbslovanskega\u00ab sveta so enakono\u010dje praznovali kot del praznike \u017eetve, kot je \u017ee omenjeno v Do\u017einkih.<br \/>\nSicer pa vsesplo\u0161no, predvsem pri nas, jesensko enakono\u010dje kot praznik, ni zares izpri\u010dan.<br \/>\nNa vzhodu poznajo Simargla, krilatega psa. V eni izmed zgodb nastopa priklenjen na nebo, kjer ga \u010duvajo tri sestre: jutranja, ve\u010derna in polno\u010dna Zarja. \u010ce bi se Simargl iztrgal z verige, bi to pomenilo konec sveta, podobno kot v skandinavskem izro\u010dilu.<br \/>\nVe pa se, da je Simargl tudi za\u0161\u010ditnik semen in posevkov in da se klicu boginje Kupalnice, odzove izklju\u010dno in le na enakono\u010dje.<\/p>\n<p>V Poso\u010dju naj bi neko\u010d po naravnem kamnu na hribu Jesenjak ugotovili, kdaj nastopi jesen.<\/p>\n<p>Kdaj nastopi jesen pa so ugotavljali tudi v Dolinici in Trbi\u0161\u010du, ko je jeseni sonce zadnji\u010d obsijalo tamkaj\u0161nji kamen.<\/p>\n<p>Jesen je tudi \u010das Svaroga, svaritelja. V jesenskem obredju so ljudje kurili manj\u0161e kresove ter zaznamovali odhajajo\u010de sonce in ga vrgli v reko, kjer se je zdru\u017eil z elementom Boginje.<br \/>\nZa nekatere sledilce starih obi\u010dajev velja september kot obdobje porok.<br \/>\nOb jesenskih obredjih \u017eetve in zahvale plodovom so ljudje pekli zna\u010dilne pite iz zelja, pite iz skute ter pite iz jagodi\u010devja. V sredini naselbine so pogrnili prt na tla in u\u017eivali v skupnem obedu. Med, mleko in maslo so bile daritve, posve\u010dene Svarogu.<\/p>\n<p>Tipi\u010dna rastlina, ki se pojavlja v jesenskem \u010dasu je jerebika. Veje jerebike so zatikali za okna, da so prina\u0161ala son\u010dno energijo s svojimi rde\u010dimi jagodami in odganjala zle sile.<\/p>\n<p><a href=\"http:\/\/veles.si\/wp-content\/uploads\/Jerebika.jpg\"><img decoding=\"async\" loading=\"lazy\" class=\"alignnone size-medium wp-image-1377\" alt=\"Jerebika\" src=\"http:\/\/veles.si\/wp-content\/uploads\/Jerebika-300x207.jpg\" width=\"300\" height=\"207\" srcset=\"http:\/\/veles.si\/wp-content\/uploads\/Jerebika-300x207.jpg 300w, http:\/\/veles.si\/wp-content\/uploads\/Jerebika.jpg 420w\" sizes=\"(max-width: 300px) 100vw, 300px\" \/><\/a><\/p>\n<p>Ob jesenskem prazniku je obvezno tudi \u010di\u0161\u010denje hi\u0161e in kopanje.<br \/>\nKo gre nekdo od hi\u0161e mora zakuriti odpadlo listje, da za\u0161\u010diti dru\u017eino vsega slabega.<\/p>\n<p>Kadila, ki so ju uporabljali v tem \u010dasu, sta pelin in kopriva.<br \/>\n&#8211;<\/p>\n<p><strong>ODMIK<\/strong><\/p>\n<p>V zahodni Sloveniji jeseni obred ni podrobneje izpri\u010dan, tako, kot to vemo za druge.<br \/>\nStare modrosti so neko\u010d \u017eivele in prena\u0161ale staroverske dru\u017eine, zavoljo novega na\u010dina \u017eivljenja in zgledovanja po kr\u0161\u010danskih navadah pa so se tekom \u010dasa ljudje odlo\u010dali, da se ne bodo poro\u010dali, da bi la\u017eje ohranili svoje starosvetne avtohtonosti.<br \/>\n\u010ce so se poro\u010dali izven svoje vasi, je imela ve\u010dina mo\u0161kih na razpolago le \u017eenske, ki so bile pokristjanjene, \u017eenske pa so bile skozi \u010das zadol\u017eene za vzgojo in tako se je znanje izgubilo.<br \/>\nIn tako so potem neporo\u010deni tete in strici negovali tisto, kar so jim pripovedovali predniki in se posvetili ohranjanju izro\u010dil in povezovanju z naravnimi silami ter razumevanjem sveta.<\/p>\n<p><a href=\"http:\/\/veles.si\/wp-content\/uploads\/24-4-11_jelenk-babja-jama_STAROVERCI-063.jpg\"><img decoding=\"async\" loading=\"lazy\" class=\"alignnone size-medium wp-image-1010\" alt=\"24-4-11_jelenk-babja-jama_STAROVERCI 063\" src=\"http:\/\/veles.si\/wp-content\/uploads\/24-4-11_jelenk-babja-jama_STAROVERCI-063-225x300.jpg\" width=\"225\" height=\"300\" srcset=\"http:\/\/veles.si\/wp-content\/uploads\/24-4-11_jelenk-babja-jama_STAROVERCI-063-225x300.jpg 225w, http:\/\/veles.si\/wp-content\/uploads\/24-4-11_jelenk-babja-jama_STAROVERCI-063-768x1024.jpg 768w, http:\/\/veles.si\/wp-content\/uploads\/24-4-11_jelenk-babja-jama_STAROVERCI-063-600x800.jpg 600w, http:\/\/veles.si\/wp-content\/uploads\/24-4-11_jelenk-babja-jama_STAROVERCI-063.jpg 1728w\" sizes=\"(max-width: 225px) 100vw, 225px\" \/><\/a><\/p>\n<p>In v jesenskem \u010dasu, ko se je vse umirilo, je dehnar-vodja skupnosti, imel \u010das, da se posveti izobra\u017eevanju. \u010clane skupnosti je u\u010dil branja, pisanja, odlo\u010dal o vahti (staroverska \u00bbpolicija\u00ab), snoval obredja.<\/p>\n<p>Bili so tudi ljudje, ki so se odlo\u010dili, da bodo \u017eiveli pu\u0161\u010davni\u0161ko \u017eivljenje, odmaknjeno od vsega. Svoja zato\u010di\u0161\u010da so na\u0161li ob svetih mestih in jih \u010duvali, vzdr\u017eevali. Dehnar je sicer menil, da je njihova slu\u017eba povsem nepotrebna.<\/p>\n<p>Jesen ni obele\u017eena z letnim mejnikom z obredjem kot je to npr. pri poletnem kresovanju, naj pa bi se v internem duhu na jesen dobili dehnarji in vsi tisti, ki so \u017eiveli \u00bbna robu dru\u017ebe\u00ab, pu\u0161\u010davniki, vidoni, vidonke, vede\u017eevalke itd.<br \/>\nPrav gotovo jim je bil umirjen utrip narave pisan na ko\u017eo, da so o staroverskih praksah v umirjenem duhu debatirali in se u\u010dili drug od drugega.<\/p>\n<p>Vse do pomladi pa so dehnarja obiskovali neporo\u010deni \u00bbstrici\u00ab, stari 39 let ali ve\u010d.<\/p>\n<p>&nbsp;<\/p>\n<p><strong>KLICANJE SONCA<\/strong><\/p>\n<p>Vsako spomlad in jesen je po hi\u0161ah v zahodni Sloveniji hodila maska, imenovala Kotunik ali \u00bbklica\u010d Sonca\u00ab.<br \/>\nVe se, da so izvajali tudi jesenski obred, ki je podoben spomladanskemu, a natan\u010dno ni popisan.<br \/>\nSpomladi si je izbrani nadel masko, se postavil v smeri proti vzhodu gledajo\u010d vzhajajo\u010de Sonce nekje konec meseca sve\u010dana. Na glavi je imel kotel po katerem je udarjal, dokler sonce ni popolnoma vz\u0161lo. Dekleta me\u010dejo slamo, ki pada po navzo\u010dih. Kotunik ima v predpasniku r\u017e in ajdo ter ju razdeli prisotnim. Zrnja boba pa so dali \u017eivini.<br \/>\nLahko si predstavljamo, da je bil jesenski obred podoben, le da gre najbr\u017e za simbolno poslavljanje od sonca ob zahodu.<\/p>\n<p>&nbsp;<\/p>\n<p><strong>NAGAJIVI RJEPU\u0160\u010c<\/strong><\/p>\n<p>Rjepu\u0161\u010d je posebna staroverska maska, ki ima na glavi odslu\u017eeni \u00bbribe\u017een\u00ab.<br \/>\nProsil je za hrano, ko je hodil naokoli po vasi v \u010dasu ribanja repe in grozil, da se bo na repo polulal, \u010de mu ne dajo jesti.<br \/>\nGospodinja je darovala klobaso, jajca in kruh.<br \/>\nRjepu\u0161\u010dev spremljevalec je dobil ostale darove.<br \/>\nRjepu\u0161\u010d nato vzame repo, jo prere\u017ee na pol in s polovico repe \u00bbpokadi\u00ab prostore doma\u010dije, da se o\u010distijo slabih energij in bolezni.<br \/>\n(Na Krasu je v zimskem obredju zna\u010dilna peka repe, ki odganja vse slabo).<\/p>\n<p>Rjepu\u0161\u010d pride trikrat: ob spravilu \u017eitaric, ob spravilu sadja in ob spravilu repe, korenja, krompirja in zelja.<\/p>\n<p>Razli\u010dna obredja z maskami skozi jesen nakazujejo na vsesplo\u0161no prakso evropskega sveta. Kot odposlanke podzemlja hodijo naokoli in v veri, da se podzemnemu bo\u017eanstvu ne bi zamerili \u2013 so ljudje radi darovali.<\/p>\n<p>&nbsp;<\/p>\n<p><strong>KAJ PA VSI SVETI in MARTINOVO?<\/strong><\/p>\n<p>Jesenski \u010das zaznamuje spravilo pridelkov, obra\u010danje navznoter ter umirjanje, nato pa nek zaklju\u010dek konec vinotoka, ko se spodnji svet popolnoma odpre in du\u0161e prednikov preplavijo tostranstvo iz 31. Vinotoka na 1. Listopad \u2013 ko smo bolj dovzetni za sporazumevanje z njimi, ki nam pomagajo tudi pri samoiskanju.<\/p>\n<p>Cela jesen je pre\u017eeta z zahvalnim duhom takrat, ko delamo tudi svoje analize kako smo kaj postorili in kako bi lahko \u0161e bolje.<br \/>\nMartinovanje je nekak\u0161no nadaljevanje jesenskih obredov spravila plodov in zaklju\u010dek tega obdobja, ki ga imenujejo jesenski pust. Je \u010das, ko se zaklju\u010di obiranje plodov do zadnjega, vklju\u010dno z grozdjem, in nato sledi samo \u0161e mirno pri\u010dakovanje novega rojstva ob zimskem son\u010dnem obratu. Je \u010das transformacije, ko mo\u0161t postane vino. Ko se po umirjanju pripravljamo na resni\u010dno poglobitev in transformiranje svojih negativnosti v konstruktivne ideje.<br \/>\n\u0160e dandanes pravijo, da moramo ob Martinovanju delati inventure in poravnati ra\u010dune z ljudmi.<br \/>\nOb tem \u010dasu so zna\u010dilne jedi iz prosene ka\u0161e. Neko\u010d je bil \u010das okoli Martinovega miren dru\u017einski praznik, tekom \u010dasa pa je postal zelo skomercializiran.<\/p>\n<p>Martinovanje izvira v svetniku Martinu, ki je bil izvoljen za \u0161kofa, pa ni \u017eelel sprejeti te vloge, se skril med gosi, a te so ga izdale s svojim gaganjem. Zato dandanes ljudje \u00bbdarujejo\u00ab ali bolje re\u010deno \u00bbkaznujejo\u00ab gos.<\/p>\n<p>Ob Martinovanju na sod polo\u017eijo jabolko. \u010ce se lepo posu\u0161i, bo vinska letina dobra, \u010de zgnije, pa se je treba pripraviti na hude \u010dase.<\/p>\n<p>Martinovanje zaznamuje za\u010detek naravne zime in je zagotovo tesno povezan z dnevom vseh svetih oz. s Predniki ali \u00bbDedi\u00ab, ko so ponekod po Evropi ljudje mno\u017ei\u010dno odhajali na pokopali\u0161\u010da ter kar na grobu priredili obilne pojedine, kjer so se pogovarjali o preminulih, kaj vse dobrega so storili in \u010desa \u0161e niso dokon\u010dali.<\/p>\n<p>Pri Keltih poznamo obi\u010daj, ko so ljudje hodili od vrat do vrat izprosit kola\u010de za du\u0161e prednikov, kar se je do dandanes izrodilo v moderno razli\u010dico sprehodov z maskami in pro\u0161enj za sladkarije od vrat do vrat.<br \/>\nMarsikje po Evropi je \u0161e iz \u010dasa pred kr\u0161\u010danstvom ob tem \u010dasu poznan obi\u010daj klanja goske, nato pa kapljanje njene krvi na meje posestva, doma\u010de hi\u0161e in vrat kot tudi hleva. Gosko so nato obredno pojedli.<br \/>\nPtica je simbol prehoda. Prina\u0161a du\u0161e na svet, du\u0161e odna\u0161a v onostranstvo.<br \/>\nPtice sre\u010dujemo na starodavnih poro\u010dnih kruhkih, kru\u0161ne pti\u010dke pa so pri nas dobila dekleta na Dolenjskem ob vstopu v zrelo dobo. Ptice prinesejo pomlad, na jesen odletijo.<br \/>\n\u017drtvovanje ptice v tem \u010dasu pomeni simbol prerojenja, prenove, ko se v pri\u010dakovanju obra\u010damo naprej v novo \u017eivljenje, novo rojstvo in nova poglavja.<\/p>\n<p>Naj va\u0161a jesen ne bo krvava.<br \/>\nNaj nam vsem prinese obilico miru in notranje mo\u010di, da premostimo vse ovire, da se o\u010distimo strahov, ki nam onemogo\u010dajo, da s svojimi potenciali v popolnosti zasijemo.<br \/>\nIn ker tole pi\u0161em v \u010dasu bolni\u0161ke &#8211; velja \u0161e eno priporo\u010dilo:<br \/>\nNaj vas Boginja ne\u017eno pobo\u017ea in ne pozabimo, prav dobro ve, da vsi kdaj pa kdaj potrebujemo po\u010ditek. \ud83d\ude42<\/p>\n","protected":false},"excerpt":{"rendered":"<p>\u010cas \u017eetve in praznikov povezanih z njo je minil. Pobiramo \u0161e zadnje plodove, ki nam jih nudi Mati Narava in pridnost na\u0161ih rok. \u017de \u010dutimo, kako se nekje dale\u010d ogla\u0161a teta Zima in nas priganja, da opravimo \u010dim ve\u010d, da se lahko nato premaknemo v (svojo)notranjost ter v spokojnosti in o\u010di\u0161\u010devalnem duhu pri\u010dakamo novo rojstvo, [&hellip;]<\/p>\n","protected":false},"author":1,"featured_media":1374,"parent":0,"menu_order":0,"comment_status":"closed","ping_status":"closed","template":"","meta":[],"_links":{"self":[{"href":"http:\/\/veles.si\/index.php?rest_route=\/wp\/v2\/pages\/1370"}],"collection":[{"href":"http:\/\/veles.si\/index.php?rest_route=\/wp\/v2\/pages"}],"about":[{"href":"http:\/\/veles.si\/index.php?rest_route=\/wp\/v2\/types\/page"}],"author":[{"embeddable":true,"href":"http:\/\/veles.si\/index.php?rest_route=\/wp\/v2\/users\/1"}],"replies":[{"embeddable":true,"href":"http:\/\/veles.si\/index.php?rest_route=%2Fwp%2Fv2%2Fcomments&post=1370"}],"version-history":[{"count":8,"href":"http:\/\/veles.si\/index.php?rest_route=\/wp\/v2\/pages\/1370\/revisions"}],"predecessor-version":[{"id":1382,"href":"http:\/\/veles.si\/index.php?rest_route=\/wp\/v2\/pages\/1370\/revisions\/1382"}],"wp:featuredmedia":[{"embeddable":true,"href":"http:\/\/veles.si\/index.php?rest_route=\/wp\/v2\/media\/1374"}],"wp:attachment":[{"href":"http:\/\/veles.si\/index.php?rest_route=%2Fwp%2Fv2%2Fmedia&parent=1370"}],"curies":[{"name":"wp","href":"https:\/\/api.w.org\/{rel}","templated":true}]}}