{"id":1500,"date":"2020-12-07T11:56:25","date_gmt":"2020-12-07T09:56:25","guid":{"rendered":"http:\/\/veles.si\/?page_id=1500"},"modified":"2021-10-12T14:01:16","modified_gmt":"2021-10-12T12:01:16","slug":"koledar-2021","status":"publish","type":"page","link":"http:\/\/veles.si\/?page_id=1500","title":{"rendered":"koledar 2022"},"content":{"rendered":"<p>In spet nam je uspelo! \ud83d\ude42<\/p>\n<p>V predhodnih koledarjih smo preko 14 let pisali o na\u0161ih bo\u017eanstvih in njihovih zgodbah, dodali smo ljudske in obredne pesmi, ob vsakoletnih mejnikih predajali znanje o obredih prednikov in pisali o prehodih v \u010dlove\u0161kem \u017eivljenju ter o sveti vegetaciji.<\/p>\n<p>Za leto <strong>2022<\/strong> imamo pripravljen nov koledar, ki predstavlja <strong>vile in demonska bitja<\/strong> iz starodavnega sveta na\u0161ih prednikov. Nekateri od njih so zelo \u017eivi \u0161e dandanes.<\/p>\n<p>Koledar je oblikovan in natisnjen v<strong> slovenskem in angle\u0161kem jeziku.<\/strong><\/p>\n<p>Za vse, ki se radi izgubijo v pravljicah, zgodbah, mitologiji, zgodovini, za romanti\u010dne du\u0161e in vse, ki cenijo svoje korenine &#8211; je ta koledar<strong> popolno darilo.<\/strong><\/p>\n<p>Po enem letu lahko preprosto odre\u017eete \u0161tevil\u010dnico in izdelek shranite kot knji\u017eico, ki se pridru\u017ei ostalim knjigami na va\u0161ih knji\u017enih policah.<\/p>\n<p><strong>Koledar je na voljo od 15. oktobra 2021.<\/strong><br \/>\nPo\u0161iljamo po vsem svetu, v Sloveniji lahko koledarje kupite tudi neposredno pri nas po predhodnem dogovoru.<br \/>\nOb oddaji naro\u010dila nam sporo\u010dite, v katerem jeziku \u017eelite naro\u010diti izdelek.<\/p>\n<p><strong>Hvala, ker podpirate slovensko ustvarjalnost!<\/strong><br \/>\n<strong>V ta izdelek smo vlo\u017eili veliko \u010dasa, predanosti in ljubezni.<\/strong><\/p>\n<p>Tehni\u010dni podatki:<br \/>\nFormat: A3<br \/>\n297&#215;420 mm<br \/>\n13 strani + podlo\u017eni list<br \/>\n\u010drna spirala<\/p>\n<p>cena: 19,90 eur + stro\u0161ek po\u0161iljanja.<br \/>\nKoledar lahko naro\u010dite na drustvo.veles@gmail.com<br \/>\nali preko na\u0161e buti\u010dne trgovinice <a href=\"https:\/\/svarunica.com\/sl\/\" target=\"_blank\">SVARUNICA<\/a>.<\/p>\n<p>&nbsp;<\/p>\n<p><a href=\"https:\/\/svarunica.com\/sl\/izdelek\/letni-stenski-mitoloski-koledar\/\" target=\"_blank\"><img decoding=\"async\" loading=\"lazy\" class=\"alignnone size-full wp-image-1579\" alt=\"2022 koledar veles\" src=\"http:\/\/veles.si\/wp-content\/uploads\/reklama-2022-koledar-veles.jpg\" width=\"1000\" height=\"750\" srcset=\"http:\/\/veles.si\/wp-content\/uploads\/reklama-2022-koledar-veles.jpg 1000w, http:\/\/veles.si\/wp-content\/uploads\/reklama-2022-koledar-veles-300x225.jpg 300w, http:\/\/veles.si\/wp-content\/uploads\/reklama-2022-koledar-veles-600x450.jpg 600w\" sizes=\"(max-width: 1000px) 100vw, 1000px\" \/><\/a><\/p>\n<p><a href=\"http:\/\/veles.si\/wp-content\/uploads\/reklama-2022-koledar-predogled.jpg\"><img decoding=\"async\" loading=\"lazy\" class=\"alignnone size-full wp-image-1584\" alt=\"reklama 2022 koledar predogled\" src=\"http:\/\/veles.si\/wp-content\/uploads\/reklama-2022-koledar-predogled.jpg\" width=\"1377\" height=\"1700\" srcset=\"http:\/\/veles.si\/wp-content\/uploads\/reklama-2022-koledar-predogled.jpg 1377w, http:\/\/veles.si\/wp-content\/uploads\/reklama-2022-koledar-predogled-243x300.jpg 243w, http:\/\/veles.si\/wp-content\/uploads\/reklama-2022-koledar-predogled-829x1024.jpg 829w, http:\/\/veles.si\/wp-content\/uploads\/reklama-2022-koledar-predogled-600x740.jpg 600w\" sizes=\"(max-width: 1377px) 100vw, 1377px\" \/><\/a><\/p>\n","protected":false},"excerpt":{"rendered":"<p>In spet nam je uspelo! \ud83d\ude42 V predhodnih koledarjih smo preko 14 let pisali o na\u0161ih bo\u017eanstvih in njihovih zgodbah, dodali smo ljudske in obredne pesmi, ob vsakoletnih mejnikih predajali znanje o obredih prednikov in pisali o prehodih v \u010dlove\u0161kem \u017eivljenju ter o sveti vegetaciji. Za leto 2022 imamo pripravljen nov koledar, ki predstavlja vile [&hellip;]<\/p>\n","protected":false},"author":1,"featured_media":0,"parent":0,"menu_order":0,"comment_status":"closed","ping_status":"closed","template":"","meta":[],"_links":{"self":[{"href":"http:\/\/veles.si\/index.php?rest_route=\/wp\/v2\/pages\/1500"}],"collection":[{"href":"http:\/\/veles.si\/index.php?rest_route=\/wp\/v2\/pages"}],"about":[{"href":"http:\/\/veles.si\/index.php?rest_route=\/wp\/v2\/types\/page"}],"author":[{"embeddable":true,"href":"http:\/\/veles.si\/index.php?rest_route=\/wp\/v2\/users\/1"}],"replies":[{"embeddable":true,"href":"http:\/\/veles.si\/index.php?rest_route=%2Fwp%2Fv2%2Fcomments&post=1500"}],"version-history":[{"count":9,"href":"http:\/\/veles.si\/index.php?rest_route=\/wp\/v2\/pages\/1500\/revisions"}],"predecessor-version":[{"id":1621,"href":"http:\/\/veles.si\/index.php?rest_route=\/wp\/v2\/pages\/1500\/revisions\/1621"}],"wp:attachment":[{"href":"http:\/\/veles.si\/index.php?rest_route=%2Fwp%2Fv2%2Fmedia&parent=1500"}],"curies":[{"name":"wp","href":"https:\/\/api.w.org\/{rel}","templated":true}]}}

<p>In spet nam je uspelo! 🙂</p>
<p>V predhodnih koledarjih smo preko 14 let pisali o naših božanstvih in njihovih zgodbah, dodali smo ljudske in obredne pesmi, ob vsakoletnih mejnikih predajali znanje o obredih prednikov in pisali o prehodih v človeškem življenju ter o sveti vegetaciji.</p>
<p>Za leto <strong>2022</strong> imamo pripravljen nov koledar, ki predstavlja <strong>vile in demonska bitja</strong> iz starodavnega sveta naših prednikov. Nekateri od njih so zelo živi še dandanes.</p>
<p>Koledar je oblikovan in natisnjen v<strong> slovenskem in angleškem jeziku.</strong></p>
<p>Za vse, ki se radi izgubijo v pravljicah, zgodbah, mitologiji, zgodovini, za romantične duše in vse, ki cenijo svoje korenine &#8211; je ta koledar<strong> popolno darilo.</strong></p>
<p>Po enem letu lahko preprosto odrežete številčnico in izdelek shranite kot knjižico, ki se pridruži ostalim knjigami na vaših knjižnih policah.</p>
<p><strong>Koledar je na voljo od 15. oktobra 2021.</strong><br />
Pošiljamo po vsem svetu, v Sloveniji lahko koledarje kupite tudi neposredno pri nas po predhodnem dogovoru.<br />
Ob oddaji naročila nam sporočite, v katerem jeziku želite naročiti izdelek.</p>
<p><strong>Hvala, ker podpirate slovensko ustvarjalnost!</strong><br />
<strong>V ta izdelek smo vložili veliko časa, predanosti in ljubezni.</strong></p>
<p>Tehnični podatki:<br />
Format: A3<br />
297&#215;420 mm<br />
13 strani + podložni list<br />
črna spirala</p>
<p>cena: 19,90 eur + strošek pošiljanja.<br />
Koledar lahko naročite na drustvo.veles@gmail.com<br />
ali preko naše butične trgovinice <a href="https://svarunica.com/sl/" target="_blank">SVARUNICA</a>.</p>
<p>&nbsp;</p>
<p><a href="https://svarunica.com/sl/izdelek/letni-stenski-mitoloski-koledar/" target="_blank"><img decoding="async" loading="lazy" class="alignnone size-full wp-image-1579" alt="2022 koledar veles" src="http://veles.si/wp-content/uploads/reklama-2022-koledar-veles.jpg" width="1000" height="750" srcset="http://veles.si/wp-content/uploads/reklama-2022-koledar-veles.jpg 1000w, http://veles.si/wp-content/uploads/reklama-2022-koledar-veles-300x225.jpg 300w, http://veles.si/wp-content/uploads/reklama-2022-koledar-veles-600x450.jpg 600w" sizes="(max-width: 1000px) 100vw, 1000px" /></a></p>
<p><a href="http://veles.si/wp-content/uploads/reklama-2022-koledar-predogled.jpg"><img decoding="async" loading="lazy" class="alignnone size-full wp-image-1584" alt="reklama 2022 koledar predogled" src="http://veles.si/wp-content/uploads/reklama-2022-koledar-predogled.jpg" width="1377" height="1700" srcset="http://veles.si/wp-content/uploads/reklama-2022-koledar-predogled.jpg 1377w, http://veles.si/wp-content/uploads/reklama-2022-koledar-predogled-243x300.jpg 243w, http://veles.si/wp-content/uploads/reklama-2022-koledar-predogled-829x1024.jpg 829w, http://veles.si/wp-content/uploads/reklama-2022-koledar-predogled-600x740.jpg 600w" sizes="(max-width: 1377px) 100vw, 1377px" /></a></p>

<p>In spet nam je uspelo! 🙂 V predhodnih koledarjih smo preko 14 let pisali o naših božanstvih in njihovih zgodbah, dodali smo ljudske in obredne pesmi, ob vsakoletnih mejnikih predajali znanje o obredih prednikov in pisali o prehodih v človeškem življenju ter o sveti vegetaciji. Za leto 2022 imamo pripravljen nov koledar, ki predstavlja vile [&hellip;]</p>
