{"id":229,"date":"2015-04-14T10:07:58","date_gmt":"2015-04-14T08:07:58","guid":{"rendered":"http:\/\/veles.si\/?page_id=229"},"modified":"2019-12-12T23:33:02","modified_gmt":"2019-12-12T21:33:02","slug":"mitoloski-koledarji","status":"publish","type":"page","link":"http:\/\/veles.si\/?page_id=229","title":{"rendered":"tradicionalni koledarji"},"content":{"rendered":"<p><img decoding=\"async\" loading=\"lazy\" class=\"alignnone size-large wp-image-1459\" alt=\"od zibke do zadnjega slovesa\" src=\"http:\/\/veles.si\/wp-content\/uploads\/od-zibke-do-zadnjega-slovesa-1024x768.jpg\" width=\"600\" height=\"450\" srcset=\"http:\/\/veles.si\/wp-content\/uploads\/od-zibke-do-zadnjega-slovesa-1024x768.jpg 1024w, http:\/\/veles.si\/wp-content\/uploads\/od-zibke-do-zadnjega-slovesa-300x225.jpg 300w, http:\/\/veles.si\/wp-content\/uploads\/od-zibke-do-zadnjega-slovesa-600x450.jpg 600w\" sizes=\"(max-width: 600px) 100vw, 600px\" \/><\/p>\n<p>V centru Veles imamo tudi letos na voljo na\u0161e <b>tradicionalne koledarje<\/b>.<\/p>\n<p>Vsebujejo <b>dvanajst avtorskih grafik s spremnim besedilom<\/b>.<br \/>\n\u017de enajsto leto mineva, odkar smo koledar na\u0161ih staro\u017eitnosti oblikovali in izdali prvi\u010d.<br \/>\nPrej\u0161nja leta smo se v njih sre\u010devali z na\u0161imi bajnimi bitji, starodavnimi bo\u017eanstvi, njihovimi zgodbami, ljudskimi pesmimi, globljo simboliko na\u0161ih starih izro\u010dil skozi letni ciklus, napotki za delo z zemljo in idejami za izlete za sre\u010devanje s staro tradicijo.<\/p>\n<div>Tokratni naslov je: <b>OD ZIBKE DO ZADNJEGA SLOVESA<\/b>. Vsebinsko smo se osredinili na <b>prehode tekom \u010dlove\u0161kega \u017eivljenja<\/b>. Skozi besedo in sliko vas koledar popelje \u010dez vse pomembnej\u0161e prelomnice na\u0161ega \u017eivljenja: prehajanje v zrelo dobo, \u0161ege ob iskanju mo\u017ea, rodnostni obredi, poroka, nose\u010dnost, rojstvo in druge. Prika\u017ee nam, kako so jih po\u010dastili na\u0161i prednamci neko\u010d, in <b>kako lahko prav te \u0161ege nadaljujemo \u0161e dandanes.<br \/>\n<\/b><br \/>\nKoledar je na voljo <b>od 6.12.2019 dalje.<\/b> Naro\u010dite ga na na\u0161 email: <a href=\"mailto:drustvo.veles@gmail.com\" target=\"_blank\">drustvo.veles@gmail.com<\/a>.<br \/>\nV omejeni nakladi je cena tega, na na\u0161em trgu \u0161e vedno edinstvenega koledarja, <b>15 eur<\/b>.<br \/>\nLahko vam ga po\u0161ljemo s pla\u010dilom po povzetju ali s transakcijo. Po predhodnem dogovoru ga je mo\u017eno kupiti tudi osebno v prenovljenih prostorih na\u0161ega centra Veles na Magajnovi 1 v Ljubljani na \u010crnu\u010dah.<\/div>\n<div><\/div>\n<div><a href=\"http:\/\/veles.si\/wp-content\/uploads\/koledar-2020_od-zibke-do-zadnjega-slovesa-_veles_.jpg\"><img decoding=\"async\" loading=\"lazy\" class=\"alignnone size-large wp-image-1413\" alt=\"koledar 2020_od zibke do zadnjega slovesa _veles_\" src=\"http:\/\/veles.si\/wp-content\/uploads\/koledar-2020_od-zibke-do-zadnjega-slovesa-_veles_-1024x478.jpg\" width=\"600\" height=\"280\" srcset=\"http:\/\/veles.si\/wp-content\/uploads\/koledar-2020_od-zibke-do-zadnjega-slovesa-_veles_-1024x478.jpg 1024w, http:\/\/veles.si\/wp-content\/uploads\/koledar-2020_od-zibke-do-zadnjega-slovesa-_veles_-300x140.jpg 300w, http:\/\/veles.si\/wp-content\/uploads\/koledar-2020_od-zibke-do-zadnjega-slovesa-_veles_-600x280.jpg 600w\" sizes=\"(max-width: 600px) 100vw, 600px\" \/><\/a><\/div>\n<div><\/div>\n<div>Vsebine:<\/div>\n<div>\n<p>Rojstvo in \u017eenska transformacija | Obred pokopa placente, saditev drevesa in zalivanje | Rojstvo lu\u010di ob letnem prehodu | Stri\u017eenje na poti v zrelo dobo | Prehod deklice v \u017eensko | Obred iskanja mo\u017ea | Obred plodnosti | Pobiranje plodov in notranje analize ob letnem prehodu | Poroka | Nose\u010dnost | Smrt | Pomen in postavitev dru\u017eine<br \/>\n<strong><br \/>\n<\/strong><\/p>\n<p><span style=\"text-decoration: underline;\">Cenik stro\u0161kov po\u0161iljanja:<\/span><\/p>\n<\/div>\n<p><em>*Vse po\u0161iljke odpo\u0161ljemo priporo\u010deno v podlo\u017eenih kuvertah.<br \/>\n<\/em><\/p>\n<p>1. <strong>Priporo\u010dena po\u0161iljka s pla\u010dilom po povzetju (odkupnina):<\/strong><br \/>\n1 koledar: 4,30 eur<br \/>\n2 koledarja: 4,70 eur<br \/>\n3 koledarji: 5,55 eur<br \/>\n4 koledarji: 5,55 eur<br \/>\n5 koledarjev: 5,55 eur<\/p>\n<p>2. <strong>Priporo\u010dena po\u0161iljka &#8211; pla\u010dilo s transakcijo (nakazilo na ra\u010dun centra):<\/strong><br \/>\n<em>Klub VELES, center za vse\u017eivljenjsko u\u010denje, osebno rast in povezovanje s predniki<\/em><br \/>\n<em>Magajnova ulica 1, 1231 Ljubljana &#8211; \u010crnu\u010de<\/em><br \/>\n<em>IBAN\u00a0SI56 6100 0000 8553 322 (Delavska hranilnica)<br \/>\nNavedite tudi podatke za ra\u010dun in morebitno dav\u010dno \u0161tevilko.<\/em><\/p>\n<p>1 koledar: 2,70 eur<br \/>\n2 koledarja: 3,00 eur<br \/>\n3 koledarji: 3,55 eur<br \/>\n4 koledarji: 3,55 eur<br \/>\n5 koledarjev: 3,55 eur<\/p>\n<p>V primeru naro\u010dila 5 ali ve\u010d koledarjev, stro\u0161kov po\u0161iljanja ne obra\u010dunamo!<br \/>\nKoledar predvidoma po\u0161ljemo naslednji delovni dan po naro\u010dilu.<\/p>\n<p><strong>3. Osebni prevzem po predhodnem dogovoru<\/strong> &#8211; Magajnova ulica 1, Ljubljana &#8211; \u010crnu\u010de<br \/>\ndrustvo.veles@gmail.com | 041 936 688.<\/p>\n<p><a href=\"http:\/\/veles.si\/wp-content\/uploads\/zemljevid-veles.jpg\"><img decoding=\"async\" loading=\"lazy\" class=\"alignnone size-medium wp-image-1449\" alt=\"zemljevid veles\" src=\"http:\/\/veles.si\/wp-content\/uploads\/zemljevid-veles-300x198.jpg\" width=\"300\" height=\"198\" srcset=\"http:\/\/veles.si\/wp-content\/uploads\/zemljevid-veles-300x198.jpg 300w, http:\/\/veles.si\/wp-content\/uploads\/zemljevid-veles-1024x678.jpg 1024w, http:\/\/veles.si\/wp-content\/uploads\/zemljevid-veles-600x397.jpg 600w, http:\/\/veles.si\/wp-content\/uploads\/zemljevid-veles.jpg 1296w\" sizes=\"(max-width: 300px) 100vw, 300px\" \/><\/a><\/p>\n<p><a href=\"http:\/\/veles.si\/wp-content\/uploads\/70252018_2348712318717534_6498869153363918848_n.jpg\"><img decoding=\"async\" loading=\"lazy\" class=\"alignnone size-medium wp-image-1356\" alt=\"70252018_2348712318717534_6498869153363918848_n\" src=\"http:\/\/veles.si\/wp-content\/uploads\/70252018_2348712318717534_6498869153363918848_n-300x225.jpg\" width=\"300\" height=\"225\" srcset=\"http:\/\/veles.si\/wp-content\/uploads\/70252018_2348712318717534_6498869153363918848_n-300x225.jpg 300w, http:\/\/veles.si\/wp-content\/uploads\/70252018_2348712318717534_6498869153363918848_n-1024x768.jpg 1024w, http:\/\/veles.si\/wp-content\/uploads\/70252018_2348712318717534_6498869153363918848_n-600x450.jpg 600w, http:\/\/veles.si\/wp-content\/uploads\/70252018_2348712318717534_6498869153363918848_n.jpg 1824w\" sizes=\"(max-width: 300px) 100vw, 300px\" \/><\/a><\/p>\n<p>&nbsp;<\/p>\n<p>&nbsp;<\/p>\n","protected":false},"excerpt":{"rendered":"<p>V centru Veles imamo tudi letos na voljo na\u0161e tradicionalne koledarje. Vsebujejo dvanajst avtorskih grafik s spremnim besedilom. \u017de enajsto leto mineva, odkar smo koledar na\u0161ih staro\u017eitnosti oblikovali in izdali prvi\u010d. Prej\u0161nja leta smo se v njih sre\u010devali z na\u0161imi bajnimi bitji, starodavnimi bo\u017eanstvi, njihovimi zgodbami, ljudskimi pesmimi, globljo simboliko na\u0161ih starih izro\u010dil skozi letni [&hellip;]<\/p>\n","protected":false},"author":1,"featured_media":0,"parent":0,"menu_order":0,"comment_status":"closed","ping_status":"closed","template":"","meta":[],"_links":{"self":[{"href":"http:\/\/veles.si\/index.php?rest_route=\/wp\/v2\/pages\/229"}],"collection":[{"href":"http:\/\/veles.si\/index.php?rest_route=\/wp\/v2\/pages"}],"about":[{"href":"http:\/\/veles.si\/index.php?rest_route=\/wp\/v2\/types\/page"}],"author":[{"embeddable":true,"href":"http:\/\/veles.si\/index.php?rest_route=\/wp\/v2\/users\/1"}],"replies":[{"embeddable":true,"href":"http:\/\/veles.si\/index.php?rest_route=%2Fwp%2Fv2%2Fcomments&post=229"}],"version-history":[{"count":36,"href":"http:\/\/veles.si\/index.php?rest_route=\/wp\/v2\/pages\/229\/revisions"}],"predecessor-version":[{"id":1464,"href":"http:\/\/veles.si\/index.php?rest_route=\/wp\/v2\/pages\/229\/revisions\/1464"}],"wp:attachment":[{"href":"http:\/\/veles.si\/index.php?rest_route=%2Fwp%2Fv2%2Fmedia&parent=229"}],"curies":[{"name":"wp","href":"https:\/\/api.w.org\/{rel}","templated":true}]}}