{"id":826,"date":"2017-10-18T14:06:44","date_gmt":"2017-10-18T12:06:44","guid":{"rendered":"http:\/\/veles.si\/?page_id=826"},"modified":"2019-03-06T12:51:57","modified_gmt":"2019-03-06T10:51:57","slug":"susecmarec-in-prebujanje-narave","status":"publish","type":"page","link":"http:\/\/veles.si\/?page_id=826","title":{"rendered":"Su\u0161ec\/marec in prebujanje Narave"},"content":{"rendered":"<p>Poslavljanje od teme, pri\u010dakovanje, pozdrav svetlobe, novo upanje, prebujenje, re\u0161itev bremen, pozdrav ljubezni, zaljubljenost, obnova, sve\u017eina, mladost. Vse to zaznamuje ta, prvi spomladanski mesec, s katerim nam mati narava pome\u017eikne v novo plodno leto.<br \/>\nTa \u010das zaznamuje prehod iz mrzlega v topli del leta. V simboli\u010dnem pomenu gre za \u010das, ko se prebujamo iz teme, se iz svojih glav premaknemo drugam. V gibanje, akcijo in za\u010dnemo po\u010dasi uresni\u010devati tisto, kar smo si zadali.<\/p>\n<p>\u0160ir\u0161e po Sloveniji praznovanje, izrecno spomladanskega enakono\u010dja, ni poznano. Le v nekaterih delih Poso\u010dja so na ta pomladni mejnik kurili kresove kot nadaljevanje zimske tradicije, ob tem pa so ponekod na drevesa obe\u0161ali ro\u010dno narejene zelene ven\u010dke. Nekateri so jih prepustili vetru, nekateri pa, verujo\u010d, da so ven\u010dki prevzeli energijo drevesa, odnesli domov za za\u0161\u010dito.<br \/>\nNa Krasu so, neodvisno od datuma, opravili obred v \u010dast Dajbogecu v \u010dasu, ko se je drevje prebujalo. Ta predstavlja son\u010devo silo, ki poskrbi za prebujenje narave. Na posve\u010denem kraju so dekleta pela starodavno pesem v kamnitem krogu. Sve\u010denik-bo\u017ejeglav pa je v naravni oltar dal vr\u010d z \u0161ibo, s pomo\u010djo katere so tudi vede\u017eevali, kak\u0161na bo letina.<br \/>\nV pomladnem \u010dasu je v slovanskem svetu poznana Vesna, pri nas v Sloveniji pa njen kult ni izpri\u010dan. A poznamo vesne v mno\u017eini kot velike \u010darodejke in sve\u010denice.<\/p>\n<p>Obele\u017eenje odhoda zime in prihoda novega leta je svojevrstno na Poljskem, \u010ce\u0161kem, Slova\u0161kem in v Litvi. Po tem starodavnem obi\u010daju napravijo slamnato lutko, lahko jo tudi oble\u010dejo in olep\u0161ajo z nakitom. Tej tradiciji sledi vsa populacija, tudi otroci. Nato se priklju\u010dijo procesiji, lutko nosijo po vasi od hi\u0161e do hi\u0161e. Na tej poti potopijo lutko Marzane v vsak potok in lu\u017eo. Otroci na tem obhodu nosijo \u0161e brinove vejice. Zve\u010der prevzamejo obred mladi odrasli. Najprej zakurijo brinove vejice, nato pa lutko Marzane. Gore\u010do lutko odnesejo izven vasi in jo vr\u017eejo v vodo. V vodi se je ne sme nih\u010de dotikati. Na poti domov pa se nih\u010de ne sme ozirati nazaj, saj to pomeni smrt.<br \/>\nCerkvi, kljub trudu, ni uspelo izbrisati te mo\u010dne tradicije. Tudi poskus vzpostavitve nove ideje utopitve Jude I\u0161karijota v 18. stoletju ni bil uspe\u0161en.<\/p>\n<p>Lutka seveda ponazarja boginjo Morano, ki predstavlja smrt oz. nerodovitni del leta. Z obredom za\u017eiganja in utopitve gre za slovo od zime, tako kot mi to storimo ob pokopu Pusta. Obi\u010daja sta v svoji bazi povezana, \u010deprav se po svoji obliki razlikujeta.<br \/>\n\u0160e posebno mo\u010dna simbolika tega obredja je prepoved obra\u010danja nazaj. Zakaj? Ker je jesen \u010das analiz in obra\u010danja vase, prepoznavanja pomanjkljivosti in iskanje mo\u017enosti za izbolj\u0161ave. Preko zime, v stiku s silami ob vseh treh odprtih svetovih, pridemo do dolo\u010denih spoznanj in novih na\u010drtov za naprej. S slovesom od zime pa dobimo vedno znova prilo\u017enost, da udejanjimo zadano z zavedanjem in hvale\u017enostjo, da nam je bila mo\u017enost novega za\u010detka na nov rodni cikel spet podarjena.<br \/>\nGledati nazaj, dejansko pomeni na nek na\u010din smrt, ker nas vra\u010danje v preteklost, stare vzorce, ponavljanje starih napak, ob\u017ealovanja, lahko dr\u017ei nazaj, nam prepre\u010duje, da bi rasli kot osebe in dosegali svoje potenciale. \u010ce jih ne dosegamo, bolj ali manj vegetiramo.<br \/>\n\u010cas za ukvarjanje z vsem tem in premik v svoje glave je v \u010dasu jeseni, umirjanja in umiranja narave. Sedaj pa je \u010das, da stopimo v akcijo in gremo po svoji poti najbolje, kakor znamo.<br \/>\nVedno preu\u010dimo, \u010de vse kar po\u010dnemo, delamo v skladu s svojimi lastnimi vrednotami. Naj nas ne povozi strah ali premami nerealna \u017eelja po prevelikih ciljih.<br \/>\nNaj nam bo vsem nov, sve\u017e za\u010detek, dobra odsko\u010dna deska za rodovitno in uspe\u0161no leto.<br \/>\nBogovi so vedno z nami in vedno nam \u0161epetajo. A od nekdaj nam prepu\u0161\u010dajo svobodno izbiro. Naj bo izbira modra, da bodo na nas ponosni.<\/p>\n<p><a href=\"http:\/\/veles.si\/wp-content\/uploads\/marzanaxx.jpg\"><img decoding=\"async\" loading=\"lazy\" class=\"alignnone size-large wp-image-1072\" alt=\"marzanaxx\" src=\"http:\/\/veles.si\/wp-content\/uploads\/marzanaxx-1024x684.jpg\" width=\"600\" height=\"400\" srcset=\"http:\/\/veles.si\/wp-content\/uploads\/marzanaxx-1024x684.jpg 1024w, http:\/\/veles.si\/wp-content\/uploads\/marzanaxx-300x200.jpg 300w, http:\/\/veles.si\/wp-content\/uploads\/marzanaxx-600x401.jpg 600w, http:\/\/veles.si\/wp-content\/uploads\/marzanaxx.jpg 2000w\" sizes=\"(max-width: 600px) 100vw, 600px\" \/><\/a><\/p>\n","protected":false},"excerpt":{"rendered":"<p>Poslavljanje od teme, pri\u010dakovanje, pozdrav svetlobe, novo upanje, prebujenje, re\u0161itev bremen, pozdrav ljubezni, zaljubljenost, obnova, sve\u017eina, mladost. Vse to zaznamuje ta, prvi spomladanski mesec, s katerim nam mati narava pome\u017eikne v novo plodno leto. Ta \u010das zaznamuje prehod iz mrzlega v topli del leta. V simboli\u010dnem pomenu gre za \u010das, ko se prebujamo iz teme, [&hellip;]<\/p>\n","protected":false},"author":1,"featured_media":0,"parent":0,"menu_order":0,"comment_status":"closed","ping_status":"closed","template":"","meta":[],"_links":{"self":[{"href":"http:\/\/veles.si\/index.php?rest_route=\/wp\/v2\/pages\/826"}],"collection":[{"href":"http:\/\/veles.si\/index.php?rest_route=\/wp\/v2\/pages"}],"about":[{"href":"http:\/\/veles.si\/index.php?rest_route=\/wp\/v2\/types\/page"}],"author":[{"embeddable":true,"href":"http:\/\/veles.si\/index.php?rest_route=\/wp\/v2\/users\/1"}],"replies":[{"embeddable":true,"href":"http:\/\/veles.si\/index.php?rest_route=%2Fwp%2Fv2%2Fcomments&post=826"}],"version-history":[{"count":4,"href":"http:\/\/veles.si\/index.php?rest_route=\/wp\/v2\/pages\/826\/revisions"}],"predecessor-version":[{"id":1268,"href":"http:\/\/veles.si\/index.php?rest_route=\/wp\/v2\/pages\/826\/revisions\/1268"}],"wp:attachment":[{"href":"http:\/\/veles.si\/index.php?rest_route=%2Fwp%2Fv2%2Fmedia&parent=826"}],"curies":[{"name":"wp","href":"https:\/\/api.w.org\/{rel}","templated":true}]}}