{"id":847,"date":"2017-10-18T14:18:37","date_gmt":"2017-10-18T12:18:37","guid":{"rendered":"http:\/\/veles.si\/?page_id=847"},"modified":"2017-10-19T16:54:29","modified_gmt":"2017-10-19T14:54:29","slug":"grudendecember-in-rojstvo-bozica-svarozica","status":"publish","type":"page","link":"http:\/\/veles.si\/?page_id=847","title":{"rendered":"Gruden\/december in rojstvo Bo\u017ei\u010da Svaro\u017ei\u010da"},"content":{"rendered":"<p>Bela odeja, sne\u017einke, doma\u010dnost, toplina dru\u017eine, gretje ob ognju. Pre\u017eemanje \u010dustev ob novih za\u010detkih idej, novih pogledov, spoznanj. Pri\u010dakovanje. Veselo razpolo\u017eenje in odmevanje kolednih pesmi, dobrih \u017eelja. Vonj po pe\u010denem kruhu. Prazni\u010dno oblo\u017eena miza. Rojstvo novega sonca. Ob\u010dutljiv \u010das, ker mu pretijo mnoge nevarnosti. \u010cas povezave z zgornjim svetom in \u010das vede\u017eevanja.<br \/>\nVse to do\u017eivljamo v \u010darobnem \u010dasu zime takrat, ko se ob zimskem son\u010dnem obratu rodi novo sonce, sin boga stvaritelja. Ime Bo\u017ei\u010d s kon\u010dnico \u201ei\u010d\u201c le nakazuje na malega boga.<br \/>\nV slovanskem svetu velja Svaro\u017ei\u010d za sina vrhovnega boga Svaroga, za boga ognja, ki predstavlja sonce na zemlji.<br \/>\nPredvsem pa je to \u010das, ne le mladega sonca ampak \u010das, ki ga namenimo dru\u017eini in najbli\u017ejim.<\/p>\n<p>Kurjenje drevesnega panja poznajo tudi v drugih de\u017eelah od nekdaj, npr. v Ukrajini, kar pa se je od starih \u010dasov prena\u0161alo v ljudski tradiciji do nedavnega tudi ponekod pri nas. Same priprave in obred nam dobro prikazuje dokumentarni film v re\u017eiji Jadrana Sterleta: Poganski ogenj.<br \/>\nMo\u0161ki so od\u0161li v gozd, izruvali drevesni panj, \u010dok (\u0161tor s koreninami), ga prinesli domov. Gospodinje so o\u010distile odprto ognji\u0161\u010de, nato so \u010dok zakurili. Same priprave in nato kurjenje z molitvami, vede\u017eevanjem iz plamenov, pe\u010denjem repe, metanjem brinovih vejic v ogenj je obred, ki so ga opravljali, da po\u010dastijo rojstvo mladega, novega boga. Energija zemlje pa naj bi ravno preko korenin in nato dima pre\u0161la v nebo, da bi mu pomagala do ve\u010dje mo\u010di. Podoben obred se je godil nato tudi v mesecu su\u0161cu\/marcu.<\/p>\n<p>Sicer pa se je tudi vsepovsod drugod opravljalo kurjenje kresa, da se po\u010dasti rojstvo mladega sonca. Dana\u0161nje koledovanje je \u0161e ostanek prastarega izro\u010dila. Kresovalke so pele pesmi in prina\u0161ale dobre \u017eelje od hi\u0161e do hi\u0161e, ob ognju pa se je rajalo.<\/p>\n<p>Cerkev je pri\u010dela praznovati kr\u0161\u010danski Bo\u017ei\u010d \u0161ele v 4. stoletju. V splo\u0161nem pa so ga ljudje prevzemali le po\u010dasi, \u0161ele ve\u010d stoletij zatem.<\/p>\n<p>Med polabskimi in baltskimi Slovani je bil Svaro\u017ei\u010d eno izmed glavnih bo\u017eanstev, \u010dastili so ga tako vzhodni kot ju\u017eni Slovani. V sveti\u0161\u010du v Retri so ga \u010dastili skupaj z njegovo mamo Vido, \u017eeno vrhovnega boga Svaroga, poznano tudi pod drugimi imeni. Kadar je mestu pretila nevarnost, so pravili, da je pri\u0161el Svaro\u017ei\u010d na pomo\u010d. Ponekod ga uprizarjajo tudi s kopjem v roki, drugi pa kot mladega kova\u010da v o\u010detovi kova\u010diji.<br \/>\nSkozi celotno pozno jesen, od Dedov dalje in skozi zimo, sre\u010damo na slovenskem mnogo razli\u010dnih obi\u010dajev. Miklav\u017e in \u0160tefanovo namigujeta na prastari ostanek kulta Velesa. Maske in koledniki predstavljajo tudi duhove in du\u0161e umrlih. V tem \u010dasu so vrata tostranstva in podzemlja oprta, svetova sta pome\u0161ana.<br \/>\nLjudje so tak\u0161nim obiskom radi darovali, da se ne bi zamerili bogovom.<br \/>\nV domove posadimo tudi \u017eito. \u00bbKaljeno \u017eito\u00ab, ki sredi zime zraste v notranjosti, \u017ee od nekdaj prina\u0161a zagotovilo, da bo kmalu spet pomlad!<\/p>\n<p>Po mirni in introspektivni jeseni, kjer smo analizirali svoje bivanje na zemlji v vseh pogledih, je s prihodom mejnika novega rojstva sonca \u010das za prehod iz \u010drne v belo barvo. Poleg odprtega podzemlja, je sedaj odprto tudi nebo. Zato smo veliko dovzetnej\u0161i za sporo\u010dila iz sveta bogov. Ni \u010dudno, da so zato prav v zimskem \u010dasu zelo veliko vede\u017eevali. Vsa sporo\u010dila si je namre\u010d veliko la\u017eje razlagati.<br \/>\nBela barva nas v nebo povezuje skozi kronsko \u010dakro, zato je ta \u010das poln novih spoznanj, idej, uvidov. Prepustimo se nebu, da nam spregovori.<\/p>\n<p><a href=\"http:\/\/veles.si\/wp-content\/uploads\/kres-finalx.jpg\"><img decoding=\"async\" loading=\"lazy\" class=\"alignnone size-large wp-image-1089\" alt=\"kres-finalx\" src=\"http:\/\/veles.si\/wp-content\/uploads\/kres-finalx-1024x723.jpg\" width=\"600\" height=\"423\" srcset=\"http:\/\/veles.si\/wp-content\/uploads\/kres-finalx-1024x723.jpg 1024w, http:\/\/veles.si\/wp-content\/uploads\/kres-finalx-300x212.jpg 300w, http:\/\/veles.si\/wp-content\/uploads\/kres-finalx-600x424.jpg 600w, http:\/\/veles.si\/wp-content\/uploads\/kres-finalx.jpg 2000w\" sizes=\"(max-width: 600px) 100vw, 600px\" \/><\/a><\/p>\n","protected":false},"excerpt":{"rendered":"<p>Bela odeja, sne\u017einke, doma\u010dnost, toplina dru\u017eine, gretje ob ognju. Pre\u017eemanje \u010dustev ob novih za\u010detkih idej, novih pogledov, spoznanj. Pri\u010dakovanje. Veselo razpolo\u017eenje in odmevanje kolednih pesmi, dobrih \u017eelja. Vonj po pe\u010denem kruhu. Prazni\u010dno oblo\u017eena miza. Rojstvo novega sonca. Ob\u010dutljiv \u010das, ker mu pretijo mnoge nevarnosti. \u010cas povezave z zgornjim svetom in \u010das vede\u017eevanja. Vse to do\u017eivljamo [&hellip;]<\/p>\n","protected":false},"author":1,"featured_media":0,"parent":0,"menu_order":0,"comment_status":"closed","ping_status":"closed","template":"","meta":[],"_links":{"self":[{"href":"http:\/\/veles.si\/index.php?rest_route=\/wp\/v2\/pages\/847"}],"collection":[{"href":"http:\/\/veles.si\/index.php?rest_route=\/wp\/v2\/pages"}],"about":[{"href":"http:\/\/veles.si\/index.php?rest_route=\/wp\/v2\/types\/page"}],"author":[{"embeddable":true,"href":"http:\/\/veles.si\/index.php?rest_route=\/wp\/v2\/users\/1"}],"replies":[{"embeddable":true,"href":"http:\/\/veles.si\/index.php?rest_route=%2Fwp%2Fv2%2Fcomments&post=847"}],"version-history":[{"count":3,"href":"http:\/\/veles.si\/index.php?rest_route=\/wp\/v2\/pages\/847\/revisions"}],"predecessor-version":[{"id":1090,"href":"http:\/\/veles.si\/index.php?rest_route=\/wp\/v2\/pages\/847\/revisions\/1090"}],"wp:attachment":[{"href":"http:\/\/veles.si\/index.php?rest_route=%2Fwp%2Fv2%2Fmedia&parent=847"}],"curies":[{"name":"wp","href":"https:\/\/api.w.org\/{rel}","templated":true}]}}