{"id":1688,"date":"2022-03-10T13:05:19","date_gmt":"2022-03-10T11:05:19","guid":{"rendered":"http:\/\/veles.si\/?page_id=1688"},"modified":"2024-06-06T11:59:26","modified_gmt":"2024-06-06T09:59:26","slug":"dogodki","status":"publish","type":"page","link":"https:\/\/veles.si\/?page_id=1688","title":{"rendered":"dogodki"},"content":{"rendered":"Spremljajte na\u0161o <a href=\"https:\/\/www.facebook.com\/klubveles\/\" target=\"_blank\" rel=\"noopener\">facebook stran<\/a> za fotografije o dogodkih in druge aktualne objave.\n&#8212;&#8212;&#8212;&#8212;&#8212;&#8212;&#8212;&#8212;&#8212;&#8212;&#8212;&#8212;&#8212;&#8212;&#8212;&#8212;&#8212;&#8212;&#8212;&#8212;&#8212;&#8212;&#8212;&#8212;&#8212;&#8212;&#8212;&#8212;&#8212;&#8212;&#8212;&#8212;-\n<div data-offset-key=\"fjd26-0-0\">6.6.2024\nLetos poletnega kresovanja prvi\u010d v 16. letih na na\u0161i posesti Hru\u0161ovje pod Limbarsko goro ne bo!\nOsrednjeslovenska rodnoverna skupnost oz. \u017eupa Veles, se letos priklju\u010di savinjski skupnosti, kjer bomo skupaj s skupnostjo Otroci Triglava pod okriljem Borisa \u010coka soustvarjali dogodek z razli\u010dnimi tradicionalnimi obrednimi elementi.\nZa vse dodatne informacije in prijave se obrnite na organizatorja &#8211; skupnost Zoro.\nVse potrebno najdete na strani, kamor vas popelje klik na sliko vabila:\n<a href=\"https:\/\/skupnost.zora-aurora.com\/?page_id=139\"><img decoding=\"async\" loading=\"lazy\" class=\"alignnone wp-image-1904\" src=\"http:\/\/veles.si\/wp-content\/uploads\/poletni-kres-vabilo_zora-212x300.jpg\" alt=\"\" width=\"311\" height=\"484\" \/><\/a><\/div>\n<div data-offset-key=\"fjd26-0-0\"><\/div>\n<div data-offset-key=\"fjd26-0-0\">18.5.2024\nNa\u0161a pomlad je zelo intenzivna.\nPripravljamo se na poletni kres, na\u0161e vrtnarjenje je v polnem teku, \u010deprav nam, kot vsem, marsikdaj zagode vreme. Tokrat \u017ee 4. leto zapored raziskujemo vpliv simbolov na rast rastlin in s tem v zvezi pripravljamo novo publikacijo, ki bo iz\u0161la predvidoma spomladi 2025.\nPrav tako smo zelo zaposleni z obnovo objekta, kjer se nahajajo na\u0161i dru\u0161tveni prostori, ki terja veliko energije. Ve\u010dje prostore bo zamenjala manj\u0161a pisarna na drugi lokaciji v objektu, na\u0161i dogodki in nekatera druga delovanja pa se bodo skoraj v celoti preselili\/preselila na posest Hru\u0161ovje pod Limbarsko Goro.<\/div>\n<div data-offset-key=\"fjd26-0-0\"><\/div>\n<div data-offset-key=\"fjd26-0-0\"><\/div>\n<div data-offset-key=\"fjd26-0-0\">30.4.2024\nPraznik Jarilovega v organizaciji osrednjeslovenske \u017eupe Veles je zopet uspel.\nHvala za va\u0161e soustvarjanje.\n\n<\/div>\n\n<figure class=\"wp-block-image size-full is-resized\"><a href=\"https:\/\/www.youtube.com\/watch?v=TBzNxXEIAHY\"><img decoding=\"async\" loading=\"lazy\" class=\"alignnone wp-image-1902 size-medium\" src=\"http:\/\/veles.si\/wp-content\/uploads\/437941746_1479072549634532_7402365792556595045_n-225x300.jpg\" alt=\"\" width=\"225\" height=\"300\" srcset=\"https:\/\/veles.si\/wp-content\/uploads\/437941746_1479072549634532_7402365792556595045_n-225x300.jpg 225w, https:\/\/veles.si\/wp-content\/uploads\/437941746_1479072549634532_7402365792556595045_n-768x1024.jpg 768w, https:\/\/veles.si\/wp-content\/uploads\/437941746_1479072549634532_7402365792556595045_n-1152x1536.jpg 1152w, https:\/\/veles.si\/wp-content\/uploads\/437941746_1479072549634532_7402365792556595045_n-600x800.jpg 600w, https:\/\/veles.si\/wp-content\/uploads\/437941746_1479072549634532_7402365792556595045_n.jpg 1536w\" sizes=\"(max-width: 225px) 100vw, 225px\" \/>  <\/a> <a href=\"https:\/\/www.youtube.com\/watch?v=TBzNxXEIAHY\"><img decoding=\"async\" loading=\"lazy\" class=\"alignnone wp-image-1903 size-medium\" src=\"http:\/\/veles.si\/wp-content\/uploads\/438330916_1479072412967879_1218750983523754968_n-300x225.jpg\" alt=\"\" width=\"300\" height=\"225\" srcset=\"https:\/\/veles.si\/wp-content\/uploads\/438330916_1479072412967879_1218750983523754968_n-300x225.jpg 300w, https:\/\/veles.si\/wp-content\/uploads\/438330916_1479072412967879_1218750983523754968_n-1024x768.jpg 1024w, https:\/\/veles.si\/wp-content\/uploads\/438330916_1479072412967879_1218750983523754968_n-768x576.jpg 768w, https:\/\/veles.si\/wp-content\/uploads\/438330916_1479072412967879_1218750983523754968_n-1536x1152.jpg 1536w, https:\/\/veles.si\/wp-content\/uploads\/438330916_1479072412967879_1218750983523754968_n-600x450.jpg 600w, https:\/\/veles.si\/wp-content\/uploads\/438330916_1479072412967879_1218750983523754968_n.jpg 2048w\" sizes=\"(max-width: 300px) 100vw, 300px\" \/><\/a>\n<a href=\"https:\/\/www.youtube.com\/watch?v=TBzNxXEIAHY\">  <\/a><\/figure>\n\n<div data-offset-key=\"fjd26-0-0\"><\/div>\n<div data-offset-key=\"fjd26-0-0\">29.3.2024\nPomladno enakono\u010dje smo praznovali na Gorenjskem. Bilo je \u010darobno. Hvala za va\u0161o dru\u017ebo.\n\n<\/div>\n\n<figure class=\"wp-block-image size-full is-resized\"><a href=\"https:\/\/www.youtube.com\/watch?v=TBzNxXEIAHY\"><img decoding=\"async\" loading=\"lazy\" class=\"alignnone wp-image-1901 size-medium\" src=\"http:\/\/veles.si\/wp-content\/uploads\/432381312_912745750850952_3090646328293207197_n-300x225.jpg\" alt=\"\" width=\"300\" height=\"225\" srcset=\"https:\/\/veles.si\/wp-content\/uploads\/432381312_912745750850952_3090646328293207197_n-300x225.jpg 300w, https:\/\/veles.si\/wp-content\/uploads\/432381312_912745750850952_3090646328293207197_n-600x450.jpg 600w, https:\/\/veles.si\/wp-content\/uploads\/432381312_912745750850952_3090646328293207197_n.jpg 720w\" sizes=\"(max-width: 300px) 100vw, 300px\" \/><\/a><\/figure>\n\n<div data-offset-key=\"fjd26-0-0\"><\/div>\n<div data-offset-key=\"fjd26-0-0\"><\/div>\n<div data-offset-key=\"fjd26-0-0\"><\/div>\n<div data-offset-key=\"fjd26-0-0\">7.2.2024\nCelotno prednovoletno obdobje s prazniki je bilo na na\u0161em koncu izjemno aktivno.\nSkupaj z novo-nastalo rodnoverno \u017eupo KRESNIK, smo praznovali zimski son\u010dni obrat po starem.\nMesec Prosinec je prav vsako leto zaznamovan z analizami, inventurami, pripravo za ra\u010dunovodstvo, zato se zdi, kot da smo malce poniknili. \ud83d\ude42\n\nKer je mesec prve lu\u010di \u017ee tu, vas vabimo k ogledu na\u0161ega video prispevka na temo Pustovanja in njegovih korenin na <a href=\"https:\/\/www.youtube.com\/watch?v=TBzNxXEIAHY\">TEJ POVEZAVI<\/a>.\nRaz\u0161irjen \u010dlanek s ve\u010d vsebinami pa je mo\u017eno prebrati <a href=\"https:\/\/svarunica.com\/sl\/pustovanje-na-slovenskem\/\">TUKAJ.<\/a>\n\n<\/div>\n16.10.2023\nIZID novega koledarja 2024\n\n23.12.2023\nNaslednji\u010d obredujemo skupaj ob zimskem kresu, kjer se bomo po 13ih letih izjemoma iz Ljubljane selili na Gorenjsko ter se pridru\u017eili novo nastali rodnoverni skupnosti Kresnik predvidoma 23.12.2023.\n\n24.6.2023 &#8211; sobota, KRESOVANJE PO STAREM\n<em>(Hrastnik pri Morav\u010dah, posest Hru\u0161ovje pod Limbarsko goro &#8211; naslov Hrastnik 9)\n<\/em>Ve\u010d o dogodku preverite na <a href=\"https:\/\/staroslovenskisemenj.wixsite.com\/2023\/ve%C4%8Derni-kres\">TEJ POVEZAVI<\/a>\nKresovali bomo po starem vklju\u010dujo\u010d starodavne, tradicionalne elemente obredij, ki so bili stoletja pred nami prisotni v praznovanjih po na\u0161i de\u017eeli in se povezovali v na\u0161em krogu skupaj s Simonom Prosenom, povesti\u010darjem, ki nam bo predstavil svojo knjigo Povest o koreninah Slovencev ter soustvarjal obred s Kresnikovim kolesom.\nZ v\u010deraj\u0161njim dnem &#8211; 16.6.2023 smo zaklju\u010dili prijave, saj je prijavljenih \u017ee mnogo ve\u010d kot pri\u010dakovano, kar pa nam v trenutnih kapacitetah predstavlja svojevrsten izziv.\nNa tem mestu pa vam priporo\u010damo, da se 17.6. in 18. 6. udele\u017eite <a href=\"https:\/\/www.facebook.com\/marta.veder\/posts\/pfbid02dpE6DaMAsZyLQGh8wf4cukVMVXLTybnyhqswCNEG61Hcg95EahfwNgpvv5fndJepl\">dogodka pri Mozirju<\/a>\nobenem pa vam sr\u010dno priporo\u010damo potovanje vase v centru \u017darek <a href=\"https:\/\/www.zarek-hc.si\/Predavanja-delavnice\/Meditacija-ob-poletnem-solsticiju_1\/\">TUKAJ<\/a>.\n\n<strong>19.3.2023-nedelja ob 16:00 (Ljubljana \u010crnu\u010de)<\/strong>\n<strong>SPOMLADANSKO ENAKONO\u010cJE PO STAREM\n<\/strong>brezpla\u010dno\nVabimo vas v Sra\u010djo dolino na \u010crnu\u010de v Ljubljani kjer bomo spletli ven\u010dke iz zelenja, se poklonili prihajajo\u010di pomladi s pesmimi in spu\u0161\u010danjem lu\u010dk v vodo ter darovanjem poga\u010de.\n\u0160t. mest je omejeno.\nInfo in prijave: drustvo.veles@gmail.com\nVe\u010d info:\n<img decoding=\"async\" loading=\"lazy\" class=\"alignnone size-medium wp-image-1808\" src=\"http:\/\/veles.si\/wp-content\/uploads\/enakonocje-obred-veles-300x225.jpg\" alt=\"\" width=\"300\" height=\"225\" srcset=\"https:\/\/veles.si\/wp-content\/uploads\/enakonocje-obred-veles-300x225.jpg 300w, https:\/\/veles.si\/wp-content\/uploads\/enakonocje-obred-veles.jpg 400w\" sizes=\"(max-width: 300px) 100vw, 300px\" \/>\n\n<strong>\n26.3.2023-nedelja ob 10:00 (Limbarska gora)<\/strong>\n<strong>POHOD PO NAGELJ\n<\/strong>brezpla\u010dno\nNa tradicionalnem dogodku Pohod po nagelj, ki se \u017ee mnoga leta vrsti na Limbarski gori nedale\u010d od na\u0161e posesti, bomo na dogodku prisotni s stojnico, kjer bomo poklepetali in kjer si boste lahko na\u0161e izdelke ogledali ter jih kupili.\n\n<img decoding=\"async\" loading=\"lazy\" class=\"alignnone  wp-image-1809\" src=\"http:\/\/veles.si\/wp-content\/uploads\/nagelj-300x140.jpg\" alt=\"\" width=\"346\" height=\"177\" \/>\n\n<strong>23.4.2023-nedelja ob 16:00<\/strong>\n<strong>SPOMLADANSKO ENAKONO\u010cJE PO STAREM\u00a0 (Cerklje na Gorenjskem)\n<\/strong>brezpla\u010dno\nVabimo vas na \u010dudovit koti\u010dek ob vodi, kjer bomo spletali zelenje, okrasili zelenega Jurija, se v delni rekonstrukciji starodavnega obreda poklonili Dajbogecu, si izmenjali pisanice opravili ognjene in vodne daritve. S petjem in plesom v kolu bomo po\u010dastili dokon\u010den prihod pomladi, ki nam ponuja nove plodovite prilo\u017enosti.\n\u0160t. mest je omejeno.\nInfo in prijave: drustvo.veles@gmail.com\nVe\u010d info:\n<img decoding=\"async\" loading=\"lazy\" class=\"alignnone size-medium wp-image-1811\" src=\"http:\/\/veles.si\/wp-content\/uploads\/jarilovo-obred-veles-300x225.jpg\" alt=\"\" width=\"300\" height=\"225\" srcset=\"https:\/\/veles.si\/wp-content\/uploads\/jarilovo-obred-veles-300x225.jpg 300w, https:\/\/veles.si\/wp-content\/uploads\/jarilovo-obred-veles.jpg 400w\" sizes=\"(max-width: 300px) 100vw, 300px\" \/>\n\n<strong>18.6.2023-nedelja\u00a0<\/strong>\n<strong>SRE\u010cANJE STAROVERCEV (Dobrovlje pri Mozirju)<\/strong>\nNa dvodnevnem dogodku v organizaciji skupnosti<strong> ZORA<\/strong> z Marto Svetina Veder na \u010delu, se vidimo 18.6. na nedeljo na stojnici, kjer bomo poklepetali, kjer si lahko ogledate na\u0161e izdelke, jih kupite.\nOb 14h pa bomo skupaj v okrogli mizi na temo kresovanja in Kresnika.\n\u010ce slu\u010dajno 24.6.2023 ne boste utegnili na obred k nam v osr\u010dje Slovenije pod Limbarsko Goro &#8211; vas vabimo, da se udele\u017eite obreda na Savinjskem 17.6.2023 zve\u010der.\nZa ve\u010d info se obrnite za rodnoversko skupnost Zora.\n\n<strong>24.6.2023-nedelja ob 10:00 &#8211; 17:00<\/strong>\n<strong>STAROSLOVENSKI SEMENJ\u00a0 (posest Hru\u0161ovje pod Limbarsko Goro nad Hrastnikom)\n<\/strong>pla\u010dljivo &#8211; glej na uradni strani\nSkozi ves dan vam ponujamo kar 9 predavanj in delavnic z vzporednim programom, kjer si dolo\u010dite \u010desa se boste udele\u017eili. Parkiranje je mo\u017eno tik ob dogodku. V ceno je v\u0161tet tudi topel obrok, dogodek pa bomo popestrili z igrami in razstavo ter stojnicami &#8211; brez stojnic na semnju ne gre.\nVe\u010d info:\n<img decoding=\"async\" loading=\"lazy\" class=\"alignnone size-medium wp-image-1810\" src=\"http:\/\/veles.si\/wp-content\/uploads\/staroslovenski-semenj-in-kresovanje-300x150.jpg\" alt=\"\" width=\"300\" height=\"150\" srcset=\"https:\/\/veles.si\/wp-content\/uploads\/staroslovenski-semenj-in-kresovanje-300x150.jpg 300w, https:\/\/veles.si\/wp-content\/uploads\/staroslovenski-semenj-in-kresovanje.jpg 600w\" sizes=\"(max-width: 300px) 100vw, 300px\" \/>\n\n<strong>24.6.2023-nedelja ob 17:30<\/strong>\n<strong>POLETNO KRESOVANJE PO STAREM\u00a0 (posest Hru\u0161ovje pod Limbarsko Goro nad Hrastnikom)\n<\/strong>brezpla\u010dno\nTokrat se dobimo \u017ee 13. leto po vrsti da se poklonimo najve\u010dji mo\u010di sonca in prisostvujemo sveti poroki, ko \u010dastimo ljubezen. Obred bo letos obogatil Simon Prosen z za\u017eiganjem Kresnikovega kolesa. Sr\u010dno vabljeni!\nVe\u010d info in prijave: drustvo.veles@gmail.com\n<img decoding=\"async\" loading=\"lazy\" class=\"alignnone size-medium wp-image-1813\" src=\"http:\/\/veles.si\/wp-content\/uploads\/289429066_5263656403694204_6478225665742696192_nxx-300x200.jpg\" alt=\"\" width=\"300\" height=\"200\" srcset=\"https:\/\/veles.si\/wp-content\/uploads\/289429066_5263656403694204_6478225665742696192_nxx-300x200.jpg 300w, https:\/\/veles.si\/wp-content\/uploads\/289429066_5263656403694204_6478225665742696192_nxx.jpg 600w\" sizes=\"(max-width: 300px) 100vw, 300px\" \/>\n\n&#8212;&#8212;&#8212;&#8212;&#8212;&#8212;&#8212;&#8212;&#8212;&#8212;&#8212;&#8212;&#8212;&#8212;&#8212;&#8212;&#8212;&#8212;&#8212;&#8212;&#8212;&#8212;&#8212;&#8212;&#8212;&#8212;&#8212;&#8212;&#8212;&#8212;&#8212;-\n\n<strong>24.6.2022<\/strong>, petek ob 17h: Poletno kresovanje po starem, (Kresnik);\ndan po tradicionalnem kresovanju in dokon\u010dnem prihodu poletja,\nse bomo dru\u017eno zbrali ob ognju prav v ta namen.\nLokacija: stalno mesto poletnega kresovanja na posesti HRU\u0160OVJE\npod Limbarsko goro. (Hrastnik 9, Morav\u010de).\nZa\u017eeljeno je, da vsak prinese tudi kaj malega za pod zob in za po grlu.\nS seboj prinesite tudi dovolj vode.\nve\u010d info: drustvo.veles@gmail.com\n\n<a href=\"http:\/\/veles.si\/wp-content\/uploads\/19390758_735452656639119_5315373592118988913_o1.jpg\"><img decoding=\"async\" loading=\"lazy\" src=\"http:\/\/veles.si\/wp-content\/uploads\/19390758_735452656639119_5315373592118988913_o1-300x168.jpg\" alt=\"19390758_735452656639119_5315373592118988913_o\" width=\"300\" height=\"168\" \/><\/a>\n\n<em>\u00a0<\/em>\n\n<strong>7.6.2022: Dan odprtih vrat od 10h-18h:<\/strong>\n<strong>Umetnost branja obraza (veja kitajske medicine),<\/strong>\n<strong>konzultacija 45<\/strong> min\u00a0po predhodni najavi\n\nNa sre\u010danju vam analiziramo \u017eivljenjska poslanstva, vzorce vedenja, odzive na \u017eivljenjske preizku\u0161nje, kompatibilnost s partnerji, poslovno, zasebno, izpostavimo glavne prednosti, \u0161ibkosti, &#8230;\n<strong>Akcijska cena na dan odprtih vrat je 30 eur.<\/strong>\n<em><em>(Redna cena 55 eur + pisno poro\u010dilo)<\/em>\n<\/em>\n\n<em><a href=\"http:\/\/branjeobraza.net\/\" target=\"_blank\" rel=\"noopener\"><img decoding=\"async\" loading=\"lazy\" src=\"http:\/\/veles.si\/wp-content\/uploads\/facereading-300x174.jpg\" alt=\"facereading\" width=\"300\" height=\"174\" \/><\/a><\/em>\n\n<em>&#8212;&#8212;&#8212;&#8212;&#8212;&#8212;&#8212;&#8212;&#8212;&#8212;&#8212;&#8212;&#8212;&#8212;&#8212;&#8212;&#8212;&#8212;&#8212;&#8212;&#8212;&#8212;&#8212;&#8212;&#8212;&#8212;&#8212;-<\/em>\n\n<strong>18.6.2022\u00a0IZMENJEVALNICA,<\/strong>\n10h-18h, Ljubljana \u010crnu\u010de, Magajnova 1\npoleg ostalega izmenjujemo tudi sadike, semena\n<a href=\"http:\/\/veles.si\/wp-content\/uploads\/bolsji-skrat_splosno.jpg\"><img decoding=\"async\" loading=\"lazy\" src=\"http:\/\/veles.si\/wp-content\/uploads\/bolsji-skrat_splosno-300x174.jpg\" alt=\"bolsji-skrat_splosno\" width=\"300\" height=\"174\" \/><\/a>\n\n<em>&#8212;&#8212;&#8212;&#8212;&#8212;&#8212;&#8212;&#8212;&#8212;&#8212;&#8212;&#8212;&#8212;&#8212;&#8212;&#8212;&#8212;&#8212;&#8212;&#8212;&#8212;&#8212;&#8212;&#8212;&#8212;&#8212;&#8212;-<\/em>\n\n10.5.2022: Dan odprtih vrat od 10h-18h:\nUmetnost branja obraza (veja kitajske medicine),\nkonzultacija 45 min\u00a0po predhodni najavi\n\nNa sre\u010danju vam analiziramo \u017eivljenjska poslanstva, vzorce vedenja, odzive na \u017eivljenjske preizku\u0161nje, kompatibilnost s partnerji, poslovno, zasebno, izpostavimo glavne prednosti, \u0161ibkosti, &#8230;\nAkcijska cena na dan odprtih vrat je 30 eur.\n<em>(Redna cena 55 eur + pisno poro\u010dilo)<\/em>\n\n<a href=\"http:\/\/www.branjeobraza.net\/\" target=\"_blank\" rel=\"noopener\"><img decoding=\"async\" loading=\"lazy\" src=\"http:\/\/veles.si\/wp-content\/uploads\/facereading-300x174.jpg\" alt=\"facereading\" width=\"300\" height=\"174\" \/><\/a>\n\n23.4.2022: Spomladanski obred po starem (Jarilovo)\u00a0\/\npozdrav dokon\u010dnega prihoda pomladi, ob 16h,\nLjubljana \u010crnu\u010de, ustaljeno mesto ob Savi;\ndru\u017eenje bo omejeno na maksimalno 15 udele\u017eencev.\nZa\u017eeljeno je, da vsak prinese kak\u0161no malenkost za pod\nzob in za po grlu. Vsak prinese tudi doma narejeno pisanico.\nVe\u010d info: drustvo.veles@gmail.com\n\n<a href=\"http:\/\/veles.si\/wp-content\/uploads\/jarilovo-1.jpg\"><img decoding=\"async\" loading=\"lazy\" src=\"http:\/\/veles.si\/wp-content\/uploads\/jarilovo-1-300x198.jpg\" alt=\"jarilovo 1\" width=\"300\" height=\"198\" \/><\/a>\n\n15.4.2022: IZMENJEVALNICA,\n13h-19h, Ljubljana \u010crnu\u010de, Magajnova 1\npoleg ostalega izmenjujemo tudi sadike, semena\n<a href=\"http:\/\/veles.si\/wp-content\/uploads\/bolsji-skrat_splosno.jpg\"><img decoding=\"async\" loading=\"lazy\" src=\"http:\/\/veles.si\/wp-content\/uploads\/bolsji-skrat_splosno-300x174.jpg\" alt=\"bolsji-skrat_splosno\" width=\"300\" height=\"174\" \/><\/a>\n\n25.4.2022: PREDSTAVITEV KNJIGE: ZVEZDA, KI VODI V VE\u010cNOST,\nob 18.30,\u00a0Center \u017dAREK, Brezje pri Grosupljem\n\nPrvotno je bil dogodek na\u010drtovan \u017ee marca a smo ga bili primorani zaradi vi\u0161je sile odpovedati. Predstavitev knjige v \u017eivo bo v ponedeljek 25.4.2022 ob 19.00.\n\n<a href=\"https:\/\/www.zarek-hc.si\/Predavanja-delavnice\/Zvezda-ki-vodi-v-vecnost---\/\" target=\"_blank\" rel=\"noopener\"><img decoding=\"async\" loading=\"lazy\" src=\"http:\/\/veles.si\/wp-content\/uploads\/knjiga-zarek-300x224.jpg\" alt=\"knjiga-zarek\" width=\"300\" height=\"224\" \/><\/a>","protected":false},"excerpt":{"rendered":"<p>Spremljajte na\u0161o facebook stran za fotografije o dogodkih in druge aktualne objave. &#8212;&#8212;&#8212;&#8212;&#8212;&#8212;&#8212;&#8212;&#8212;&#8212;&#8212;&#8212;&#8212;&#8212;&#8212;&#8212;&#8212;&#8212;&#8212;&#8212;&#8212;&#8212;&#8212;&#8212;&#8212;&#8212;&#8212;&#8212;&#8212;&#8212;&#8212;&#8212;- 6.6.2024 Letos poletnega kresovanja prvi\u010d v 16. letih na na\u0161i posesti Hru\u0161ovje pod Limbarsko goro ne bo! Osrednjeslovenska rodnoverna skupnost oz. \u017eupa Veles, se letos priklju\u010di savinjski skupnosti, kjer bomo skupaj s skupnostjo Otroci Triglava pod okriljem Borisa \u010coka soustvarjali dogodek z [&hellip;]<\/p>\n","protected":false},"author":1,"featured_media":0,"parent":0,"menu_order":0,"comment_status":"closed","ping_status":"closed","template":"","meta":[],"_links":{"self":[{"href":"https:\/\/veles.si\/index.php?rest_route=\/wp\/v2\/pages\/1688"}],"collection":[{"href":"https:\/\/veles.si\/index.php?rest_route=\/wp\/v2\/pages"}],"about":[{"href":"https:\/\/veles.si\/index.php?rest_route=\/wp\/v2\/types\/page"}],"author":[{"embeddable":true,"href":"https:\/\/veles.si\/index.php?rest_route=\/wp\/v2\/users\/1"}],"replies":[{"embeddable":true,"href":"https:\/\/veles.si\/index.php?rest_route=%2Fwp%2Fv2%2Fcomments&post=1688"}],"version-history":[{"count":30,"href":"https:\/\/veles.si\/index.php?rest_route=\/wp\/v2\/pages\/1688\/revisions"}],"predecessor-version":[{"id":1910,"href":"https:\/\/veles.si\/index.php?rest_route=\/wp\/v2\/pages\/1688\/revisions\/1910"}],"wp:attachment":[{"href":"https:\/\/veles.si\/index.php?rest_route=%2Fwp%2Fv2%2Fmedia&parent=1688"}],"curies":[{"name":"wp","href":"https:\/\/api.w.org\/{rel}","templated":true}]}}